{
  "id": 101850519,
  "type": "Feature",
  "properties": {
    "edtf:cessation":"uuuu",
    "edtf:inception":"uuuu",
    "geom:area":0.0,
    "geom:area_square_m":0.0,
    "geom:bbox":"-4.845649,42.826847,-4.845649,42.826847",
    "geom:latitude":42.826847,
    "geom:longitude":-4.845649,
    "gn:population":1591,
    "iso:country":"ES",
    "lbl:bbox":"-4.865649,42.806847,-4.825649,42.846847",
    "lbl:latitude":42.826847,
    "lbl:longitude":-4.845649,
    "lbl:max_zoom":16.0,
    "lbl:min_zoom":12.0,
    "mps:latitude":42.826847,
    "mps:longitude":-4.845649,
    "mz:hierarchy_label":1,
    "mz:is_current":1,
    "mz:min_zoom":11.0,
    "name:ast_x_preferred":[
        "Velilla del R\u00edo Carri\u00f3n"
    ],
    "name:azb_x_preferred":[
        "\u0648\u0644\u06cc\u0644\u0627 \u062f\u0644 \u0631\u06cc\u0648 \u06a9\u0631\u06cc\u0648\u0646"
    ],
    "name:cat_x_preferred":[
        "Velilla del R\u00edo Carri\u00f3n"
    ],
    "name:ceb_x_preferred":[
        "Velilla del R\u00edo Carri\u00f3n"
    ],
    "name:deu_x_preferred":[
        "Velilla del R\u00edo Carri\u00f3n"
    ],
    "name:eng_x_preferred":[
        "Velilla del R\u00edo Carri\u00f3n"
    ],
    "name:epo_x_preferred":[
        "Velilla del R\u00edo Carri\u00f3n"
    ],
    "name:eus_x_preferred":[
        "Velilla del R\u00edo Carri\u00f3n"
    ],
    "name:fas_x_preferred":[
        "\u0648\u0644\u06cc\u0644\u0627 \u062f\u0644 \u0631\u06cc\u0648 \u06a9\u0631\u06cc\u0648\u0646"
    ],
    "name:fra_x_preferred":[
        "Velilla del R\u00edo Carri\u00f3n"
    ],
    "name:gle_x_preferred":[
        "Velilla del R\u00edo Carri\u00f3n"
    ],
    "name:glg_x_preferred":[
        "Velilla del R\u00edo Carri\u00f3n"
    ],
    "name:hun_x_preferred":[
        "Velilla del R\u00edo Carri\u00f3n"
    ],
    "name:hye_x_preferred":[
        "\u054e\u0565\u056c\u056b\u056c\u0575\u0561 \u0564\u0565\u056c \u054c\u056b\u0578 \u053f\u0561\u057c\u056b\u0578\u0576"
    ],
    "name:ile_x_preferred":[
        "Velilla del R\u00edo Carri\u00f3n"
    ],
    "name:ina_x_preferred":[
        "Velilla del R\u00edo Carri\u00f3n"
    ],
    "name:ita_x_preferred":[
        "Velilla del R\u00edo Carri\u00f3n"
    ],
    "name:lld_x_preferred":[
        "Velilla del R\u00edo Carri\u00f3n"
    ],
    "name:ltz_x_preferred":[
        "Velilla del R\u00edo Carri\u00f3n"
    ],
    "name:msa_x_preferred":[
        "Velilla del R\u00edo Carri\u00f3n"
    ],
    "name:nan_x_preferred":[
        "Velilla del R\u00edo Carri\u00f3n"
    ],
    "name:nld_x_preferred":[
        "Velilla del R\u00edo Carri\u00f3n"
    ],
    "name:nob_x_preferred":[
        "Velilla del R\u00edo Carri\u00f3n"
    ],
    "name:oci_x_preferred":[
        "Velilla del R\u00edo Carri\u00f3n"
    ],
    "name:pol_x_preferred":[
        "Velilla del R\u00edo Carri\u00f3n"
    ],
    "name:por_x_preferred":[
        "Velilla del R\u00edo Carri\u00f3n"
    ],
    "name:rus_x_preferred":[
        "\u0412\u0435\u043b\u0438\u043b\u044c\u044f-\u0434\u0435\u043b\u044c-\u0420\u0438\u043e-\u041a\u0430\u0440\u0440\u0438\u043e\u043d"
    ],
    "name:spa_x_colloquial":[
        "Velilla del Rio Carrion"
    ],
    "name:spa_x_preferred":[
        "Velilla del R\u00edo Carri\u00f3n"
    ],
    "name:spa_x_variant":[
        "Velilla de Guardo"
    ],
    "name:swe_x_preferred":[
        "Velilla del R\u00edo Carri\u00f3n"
    ],
    "name:ukr_x_preferred":[
        "\u0412\u0435\u043b\u0456\u043b\u044c\u044f-\u0434\u0435\u043b\u044c-\u0420\u0456\u043e-\u041a\u0430\u0440\u0440\u0456\u043e\u043d"
    ],
    "name:uzb_x_preferred":[
        "Velilla del R\u00edo Carri\u00f3n"
    ],
    "name:vec_x_preferred":[
        "Velilla del R\u00edo Carri\u00f3n"
    ],
    "name:vie_x_preferred":[
        "Velilla del R\u00edo Carri\u00f3n"
    ],
    "name:war_x_preferred":[
        "Velilla del R\u00edo Carri\u00f3n"
    ],
    "name:zho_x_preferred":[
        "\u8d1d\u5229\u5229\u4e9a\u5fb7\u5c14\u91cc\u5965\u5361\u91cc\u7fc1"
    ],
    "qs:a0":"Espa\u00f1a",
    "qs:a1":"*Palencia",
    "qs:a1r":"0Castilla y Le\u00f3n",
    "qs:adm0":"Espa\u00f1a",
    "qs:la_lc":"*",
    "qs:level":"locality",
    "qs:loc":"Velilla del R\u00edo Carri\u00f3n",
    "qs:loc_alt":"Velilla del Rio Carrion",
    "qs:pop":0,
    "qs:source":"PCustom EuroGlobalMap + UMZ Urban Polygons + Geonames + GeoPlanet",
    "qs:type":"buffered point",
    "src:geom":"whosonfirst",
    "src:geom_alt":[
        "quattroshapes_pg",
        "quattroshapes"
    ],
    "src:geom_via":"quattroshapes",
    "src:lbl_centroid":"mapshaper",
    "src:population":"geonames",
    "wd:wordcount":85,
    "wof:belongsto":[
        85682815,
        102191581,
        404340791,
        85633129,
        404227373
    ],
    "wof:breaches":[],
    "wof:concordances":{
        "fct:id":"08451320-8f76-11e1-848f-cfd5bf3ef515",
        "gn:id":3106204,
        "gp:id":777117,
        "qs_pg:id":1358,
        "wd:id":"Q986559",
        "wk:page":"Velilla del R\u00edo Carri\u00f3n"
    },
    "wof:country":"ES",
    "wof:geom_alt":[
        "quattroshapes_pg",
        "quattroshapes"
    ],
    "wof:geomhash":"450912c93a49ce13a56b93e814de4d29",
    "wof:hierarchy":[
        {
            "continent_id":102191581,
            "country_id":85633129,
            "localadmin_id":404340791,
            "locality_id":101850519,
            "macroregion_id":404227373,
            "region_id":85682815
        }
    ],
    "wof:id":101850519,
    "wof:lang":[
        "spa"
    ],
    "wof:lastmodified":1690877248,
    "wof:name":"Velilla del R\u00edo Carri\u00f3n",
    "wof:parent_id":404340791,
    "wof:placetype":"locality",
    "wof:population":1591,
    "wof:population_rank":3,
    "wof:repo":"whosonfirst-data-admin-es",
    "wof:superseded_by":[],
    "wof:supersedes":[],
    "wof:tags":[]
},
  "bbox": [
    -4.845649,
    42.826847,
    -4.845649,
    42.826847
],
  "geometry": {"coordinates":[-4.845649,42.826847],"type":"Point"}
}

Velilla del Río Carrión

ولیلا دل ریو کریون

Վելիլյա դել Ռիո Կառիոն

Велилья-дель-Рио-Каррион

Велілья-дель-Ріо-Карріон

贝利利亚德尔里奥卡里翁

España

0Castilla y León
