{
  "id": 101903929,
  "type": "Feature",
  "properties": {
    "edtf:cessation":"uuuu",
    "edtf:inception":"uuuu",
    "geom:area":0.000081,
    "geom:area_square_m":748936.213966,
    "geom:bbox":"-1.271117,41.855367,-1.257886,41.867186",
    "geom:latitude":41.86158,
    "geom:longitude":-1.264452,
    "gn:population":644,
    "iso:country":"ES",
    "lbl:latitude":41.861739,
    "lbl:longitude":-1.264351,
    "lbl:max_zoom":17.0,
    "lbl:min_zoom":12.5,
    "mps:latitude":41.861739,
    "mps:longitude":-1.264351,
    "mz:hierarchy_label":1,
    "mz:is_current":1,
    "mz:min_zoom":11.0,
    "name:ara_x_preferred":[
        "\u0628\u0631\u0627\u062f\u064a\u0627 \u062f\u064a \u0625\u0628\u0631\u0648"
    ],
    "name:arg_x_preferred":[
        "Pratiella d'Ebro"
    ],
    "name:arz_x_preferred":[
        "\u0628\u0631\u0627\u062f\u064a\u0627 \u062f\u0649 \u0627\u0628\u0631\u0648"
    ],
    "name:azb_x_preferred":[
        "\u067e\u0631\u0627\u062f\u06cc\u06cc\u0627 \u062f \u0627\u0628\u0631\u0648"
    ],
    "name:cat_x_preferred":[
        "Pradilla de Ebro"
    ],
    "name:ceb_x_preferred":[
        "Pradilla de Ebro"
    ],
    "name:che_x_preferred":[
        "\u041f\u0440\u0430\u0434\u0438\u043b\u044c\u044f-\u0434\u0435-\u042d\u0431\u0440\u043e"
    ],
    "name:eng_x_preferred":[
        "Pradilla de Ebro"
    ],
    "name:eus_x_preferred":[
        "Pradilla de Ebro"
    ],
    "name:fas_x_preferred":[
        "\u067e\u0631\u0627\u062f\u06cc\u06cc\u0627 \u062f \u0627\u0628\u0631\u0648"
    ],
    "name:fra_x_preferred":[
        "Pradilla de Ebro"
    ],
    "name:hun_x_preferred":[
        "Pradilla de Ebro"
    ],
    "name:ita_x_preferred":[
        "Pradilla de Ebro"
    ],
    "name:kat_x_preferred":[
        "\u10de\u10e0\u10d0\u10d3\u10d8\u10da\u10d8\u10d0-\u10d3\u10d4-\u10d4\u10d1\u10e0\u10dd"
    ],
    "name:kaz_x_preferred":[
        "\u041f\u0440\u0430\u0434\u0438\u043b\u044c\u044f-\u0434\u0435-\u042d\u0431\u0440\u043e"
    ],
    "name:msa_x_preferred":[
        "Pradilla de Ebro"
    ],
    "name:nan_x_preferred":[
        "Pradilla de Ebro"
    ],
    "name:nld_x_preferred":[
        "Pradilla de Ebro"
    ],
    "name:oci_x_preferred":[
        "Pradilla de Ebro"
    ],
    "name:pol_x_preferred":[
        "Pradilla de Ebro"
    ],
    "name:por_x_preferred":[
        "Pradilla de Ebro"
    ],
    "name:rus_x_preferred":[
        "\u041f\u0440\u0430\u0434\u0438\u043b\u044c\u044f-\u0434\u0435-\u042d\u0431\u0440\u043e"
    ],
    "name:spa_x_preferred":[
        "Pradilla de Ebro"
    ],
    "name:swe_x_preferred":[
        "Pradilla de Ebro"
    ],
    "name:tat_x_preferred":[
        "\u041f\u0440\u0430\u0434\u0438\u043b\u044c\u044f-\u0434\u0435-\u042d\u0431\u0440\u043e"
    ],
    "name:ukr_x_preferred":[
        "\u041f\u0440\u0430\u0434\u0456\u043b\u044c\u044f-\u0434\u0435-\u0415\u0431\u0440\u043e"
    ],
    "name:uzb_x_preferred":[
        "Pradilla de Ebro"
    ],
    "name:vie_x_preferred":[
        "Pradilla de Ebro"
    ],
    "name:war_x_preferred":[
        "Pradilla de Ebro"
    ],
    "name:zho_min_nan_x_preferred":[
        "Pradilla de Ebro"
    ],
    "name:zho_x_preferred":[
        "\u666e\u62c9\u8fea\u5229\u4e9a\u5fb7\u57c3\u592b\u7f57"
    ],
    "qs:a0":"Espa\u00f1a",
    "qs:a1":"*Zaragoza",
    "qs:a1r":"0Arag\u00f3n",
    "qs:adm0":"Espa\u00f1a",
    "qs:id":0,
    "qs:la":"Pradilla de Ebro",
    "qs:la_lc":"*ES6250217",
    "qs:level":"locality",
    "qs:loc":"Pradilla de Ebro",
    "qs:pop":0,
    "qs:source":"PCustom EuroGlobalMap + UMZ Urban Polygons + Geonames + GeoPlanet",
    "qs:type":"rural hamlet perfect local_admin match",
    "src:geom":"quattroshapes",
    "src:geom_alt":[
        "quattroshapes_pg"
    ],
    "src:lbl_centroid":"mapshaper",
    "src:population":"geonames",
    "wd:wordcount":45,
    "wof:belongsto":[
        85682891,
        102191581,
        404347187,
        85633129,
        404227363
    ],
    "wof:breaches":[],
    "wof:concordances":{
        "fct:id":"08401f8c-8f76-11e1-848f-cfd5bf3ef515",
        "gn:id":3112947,
        "gp:id":770723,
        "qs_pg:id":395033,
        "wd:id":"Q1650590",
        "wk:page":"Pradilla de Ebro"
    },
    "wof:country":"ES",
    "wof:geom_alt":[
        "quattroshapes_pg"
    ],
    "wof:geomhash":"f6c620bb7560a56e1e611300e846d7cd",
    "wof:hierarchy":[
        {
            "continent_id":102191581,
            "country_id":85633129,
            "localadmin_id":404347187,
            "locality_id":101903929,
            "macroregion_id":404227363,
            "region_id":85682891
        }
    ],
    "wof:id":101903929,
    "wof:lang":[
        "spa"
    ],
    "wof:lastmodified":1690877753,
    "wof:name":"Pradilla de Ebro",
    "wof:parent_id":404347187,
    "wof:placetype":"locality",
    "wof:population":644,
    "wof:population_rank":2,
    "wof:repo":"whosonfirst-data-admin-es",
    "wof:superseded_by":[],
    "wof:supersedes":[],
    "wof:tags":[]
},
  "bbox": [
    -1.271117,
    41.855367,
    -1.257886,
    41.867186
],
  "geometry": {"coordinates":[[[-1.269926,41.867186],[-1.269428,41.864509],[-1.265857,41.864913],[-1.266023,41.865805],[-1.262452,41.866209],[-1.26212,41.864424],[-1.26093,41.864559],[-1.260764,41.863666],[-1.258384,41.863935],[-1.257886,41.861258],[-1.260267,41.860989],[-1.259935,41.859205],[-1.261125,41.85907],[-1.260627,41.856393],[-1.259437,41.856528],[-1.259271,41.855636],[-1.261651,41.855367],[-1.261817,41.856259],[-1.263007,41.856124],[-1.263173,41.857017],[-1.264363,41.856882],[-1.264529,41.857775],[-1.26572,41.85764],[-1.265885,41.858532],[-1.267076,41.858398],[-1.267242,41.85929],[-1.268432,41.859156],[-1.268598,41.860048],[-1.269788,41.859913],[-1.271117,41.867052],[-1.269926,41.867186]]],"type":"Polygon"}
}

براديا دي إبرو

براديا دى ابرو

پرادییا د ابرو

Прадилья-де-Эбро

პრადილია-დე-ებრო

Праділья-де-Ебро

普拉迪利亚德埃夫罗

España

0Aragón
