{
  "id": 101943293,
  "type": "Feature",
  "properties": {
    "edtf:cessation":"uuuu",
    "edtf:inception":"uuuu",
    "geom:area":0.0005,
    "geom:area_square_m":6176280.624161,
    "geom:bbox":"-44.906966,-2.911787,-44.863714,-2.884798",
    "geom:latitude":-2.895593,
    "geom:longitude":-44.886855,
    "iso:country":"BR",
    "lbl:latitude":-2.89487,
    "lbl:longitude":-44.886882,
    "lbl:max_zoom":18.0,
    "lbl:min_zoom":13.5,
    "mps:latitude":-2.89487,
    "mps:longitude":-44.886882,
    "mz:hierarchy_label":1,
    "mz:is_current":1,
    "mz:min_zoom":12.0,
    "name:cat_x_preferred":[
        "S\u00e3o Vicente Ferrer"
    ],
    "name:ceb_x_preferred":[
        "S\u00e3o Vicente Ferrer"
    ],
    "name:che_x_preferred":[
        "\u0421\u0430\u043d-\u0412\u0438\u0441\u0435\u043d\u0442\u0438-\u0424\u0435\u0440\u0440\u0435\u0440"
    ],
    "name:deu_x_preferred":[
        "S\u00e3o Vicente Ferrer"
    ],
    "name:eng_x_preferred":[
        "S\u00e3o Vicente Ferrer"
    ],
    "name:eus_x_preferred":[
        "S\u00e3o Vicente Ferrer"
    ],
    "name:fra_x_preferred":[
        "S\u00e3o Vicente Ferrer"
    ],
    "name:glg_x_preferred":[
        "S\u00e3o Vicente Ferrer"
    ],
    "name:hun_x_preferred":[
        "S\u00e3o Vicente Ferrer"
    ],
    "name:hye_x_preferred":[
        "\u054d\u0561\u0576 \u054e\u056b\u057d\u0565\u0576\u057f\u056b \u0556\u0565\u057c\u0565\u0580"
    ],
    "name:ita_x_preferred":[
        "S\u00e3o Vicente Ferrer"
    ],
    "name:kat_x_preferred":[
        "\u10e1\u10d0\u10dc-\u10d5\u10d8\u10e1\u10d4\u10dc\u10e2\u10d8-\u10e4\u10d4\u10e0\u10d4\u10e0\u10d8"
    ],
    "name:kaz_x_preferred":[
        "\u0421\u0430\u043d-\u0412\u0438\u0441\u0435\u043d\u0442\u0438-\u0424\u0435\u0440\u0440\u0435\u0440"
    ],
    "name:nan_x_preferred":[
        "S\u00e3o Vicente Ferrer"
    ],
    "name:nld_x_preferred":[
        "S\u00e3o Vicente Ferrer"
    ],
    "name:nob_x_preferred":[
        "S\u00e3o Vicente Ferrer"
    ],
    "name:nor_x_preferred":[
        "S\u00e3o Vicente Ferrer"
    ],
    "name:pol_x_preferred":[
        "S\u00e3o Vicente Ferrer"
    ],
    "name:por_x_colloquial":[
        "S Vicente Ferrer",
        "S. Vicente Ferrer",
        "Sao Vicente Ferrer"
    ],
    "name:por_x_preferred":[
        "S\u00e3o Vicente Ferrer"
    ],
    "name:por_x_variant":[
        "S Vincente Ferrer",
        "S. Vincente Ferrer",
        "Sao Vincente Ferrer",
        "S\u00e3o Vicente F\u00e9rrer"
    ],
    "name:ron_x_preferred":[
        "S\u00e3o Vicente Ferrer"
    ],
    "name:rus_x_preferred":[
        "\u0421\u0430\u043d-\u0412\u0438\u0441\u0435\u043d\u0442\u0438-\u0424\u0435\u0440\u0440\u0435\u0440"
    ],
    "name:spa_x_preferred":[
        "S\u00e3o Vicente Ferrer"
    ],
    "name:swe_x_preferred":[
        "S\u00e3o Vicente Ferrer"
    ],
    "name:tat_x_preferred":[
        "\u0421\u0430\u043d-\u0412\u0438\u0441\u0435\u043d\u0442\u0438-\u0424\u0435\u0440\u0440\u0435\u0440"
    ],
    "name:tur_x_preferred":[
        "S\u00e3o Vicente Ferrer"
    ],
    "name:vol_x_preferred":[
        "S\u00e3o Vicente Ferrer"
    ],
    "name:war_x_preferred":[
        "S\u00e3o Vicente Ferrer"
    ],
    "name:zho_x_preferred":[
        "\u5723\u7ef4\u68ee\u7279-\u8d39\u91cc\u5c14"
    ],
    "qs:a0":"Brasil",
    "qs:a1":"*MA",
    "qs:a1_lc":"21",
    "qs:a1r":"*",
    "qs:a2":"S1O VICENTE FERRER",
    "qs:a2_lc":"2111706",
    "qs:adm0":"Brazil",
    "qs:la_lc":"*",
    "qs:level":"locality0",
    "qs:loc":"S\u00e3o Vicente Ferrer",
    "qs:pop":0,
    "qs:source":"ABrasil IBGE",
    "qs:type":"Centro Local",
    "src:geom":"quattroshapes",
    "src:geom_alt":[],
    "src:lbl_centroid":"mapshaper",
    "wd:wordcount":186,
    "wof:belongsto":[
        85681931,
        102191577,
        85633009,
        1511777415,
        102053197
    ],
    "wof:breaches":[],
    "wof:concordances":{
        "fct:id":"0386e430-8f76-11e1-848f-cfd5bf3ef515",
        "gn:id":3388060,
        "gp:id":456535,
        "qs_pg:id":2,
        "wd:id":"Q2095193",
        "wk:page":"S\u00e3o Vicente Ferrer, Maranh\u00e3o"
    },
    "wof:country":"BR",
    "wof:geomhash":"3edb76847673ecf997afbf81175b87b9",
    "wof:hierarchy":[
        {
            "continent_id":102191577,
            "country_id":85633009,
            "county_id":102053197,
            "locality_id":101943293,
            "macroregion_id":1511777415,
            "region_id":85681931
        }
    ],
    "wof:id":101943293,
    "wof:lang":[
        "por"
    ],
    "wof:lastmodified":1690862744,
    "wof:name":"S\u00e3o Vicente Ferrer",
    "wof:parent_id":102053197,
    "wof:placetype":"locality",
    "wof:repo":"whosonfirst-data-admin-br",
    "wof:superseded_by":[],
    "wof:supersedes":[],
    "wof:tags":[]
},
  "bbox": [
    -44.906966,
    -2.911787,
    -44.863714,
    -2.884798
],
  "geometry": {"coordinates":[[[-44.878921,-2.887621],[-44.878456,-2.887683],[-44.878083,-2.887683],[-44.877678,-2.887769],[-44.877146,-2.888168],[-44.876546,-2.888235],[-44.874948,-2.888168],[-44.873283,-2.887902],[-44.871152,-2.887502],[-44.869687,-2.887369],[-44.867641,-2.887006],[-44.863922,-2.88652],[-44.863773,-2.887128],[-44.863714,-2.887372],[-44.868008,-2.888989],[-44.871386,-2.890829],[-44.872046,-2.891748],[-44.8719,-2.89184],[-44.871252,-2.892765],[-44.871033,-2.893612],[-44.871454,-2.89404],[-44.871956,-2.894303],[-44.872287,-2.894308],[-44.87309,-2.894259],[-44.874141,-2.894191],[-44.875261,-2.894026],[-44.877226,-2.89383],[-44.877287,-2.894439],[-44.878622,-2.907655],[-44.878594,-2.907813],[-44.878592,-2.907824],[-44.878481,-2.908446],[-44.8785,-2.909],[-44.891262,-2.911787],[-44.891263,-2.911632],[-44.891263,-2.911617],[-44.8913,-2.902447],[-44.896774,-2.895898],[-44.899766,-2.892318],[-44.9064,-2.88868],[-44.906586,-2.8874],[-44.90661,-2.887239],[-44.906628,-2.887112],[-44.90665,-2.886962],[-44.906966,-2.884798],[-44.901854,-2.885151],[-44.900082,-2.885342],[-44.883505,-2.887127],[-44.879281,-2.887582],[-44.878921,-2.887621]]],"type":"Polygon"}
}

São Vicente Ferrer

Сан-Висенти-Феррер

Սան Վիսենտի Ֆեռեր

სან-ვისენტი-ფერერი

São Vicente Férrer

圣维森特-费里尔

São Vicente Ferrer, Maranhão
