{
  "id": 101943827,
  "type": "Feature",
  "properties": {
    "edtf:cessation":"uuuu",
    "edtf:inception":"uuuu",
    "geom:area":0.000815,
    "geom:area_square_m":10050188.262067,
    "geom:bbox":"-41.958768,-4.476465,-41.928182,-4.44039",
    "geom:latitude":-4.457619,
    "geom:longitude":-41.944823,
    "iso:country":"BR",
    "lbl:latitude":-4.457433,
    "lbl:longitude":-41.944532,
    "lbl:max_zoom":18.0,
    "lbl:min_zoom":13.5,
    "mps:latitude":-4.457433,
    "mps:longitude":-41.944532,
    "mz:hierarchy_label":1,
    "mz:is_current":1,
    "mz:min_zoom":12.0,
    "name:bpy_x_preferred":[
        "\u0995\u09be\u09aa\u09bf\u099f\u09be\u0993 \u09a1\u09c7 \u0995\u09be\u09ae\u09cd\u09aa\u09cb\u09b8"
    ],
    "name:ceb_x_preferred":[
        "Capit\u00e3o de Campos"
    ],
    "name:che_x_preferred":[
        "\u041a\u0430\u043f\u0438\u0442\u0430\u043d-\u0434\u0438-\u041a\u0430\u043c\u043f\u0443\u0441"
    ],
    "name:deu_x_preferred":[
        "Capit\u00e3o de Campos"
    ],
    "name:eng_x_preferred":[
        "Capit\u00e3o de Campos"
    ],
    "name:eus_x_preferred":[
        "Capit\u00e3o de Campos"
    ],
    "name:fra_x_preferred":[
        "Capit\u00e3o de Campos"
    ],
    "name:hun_x_preferred":[
        "Capit\u00e3o de Campos"
    ],
    "name:ita_x_preferred":[
        "Capit\u00e3o de Campos"
    ],
    "name:kat_x_preferred":[
        "\u10d9\u10d0\u10de\u10d8\u10e2\u10d0\u10dc-\u10d3\u10d8-\u10d9\u10d0\u10db\u10de\u10e3\u10e1\u10d8"
    ],
    "name:kaz_x_preferred":[
        "\u041a\u0430\u043f\u0438\u0442\u0430\u043d-\u0434\u0438-\u041a\u0430\u043c\u043f\u0443\u0441"
    ],
    "name:nan_x_preferred":[
        "Capit\u00e3o de Campos"
    ],
    "name:nld_x_preferred":[
        "Capit\u00e3o de Campos"
    ],
    "name:nob_x_preferred":[
        "Capit\u00e3o de Campos"
    ],
    "name:nor_x_preferred":[
        "Capit\u00e3o de Campos"
    ],
    "name:por_x_colloquial":[
        "Capitao de Campo",
        "Capitao de Campos",
        "Capitao de Mato",
        "Capitao-do-Mato"
    ],
    "name:por_x_preferred":[
        "Capit\u00e3o de Campos"
    ],
    "name:por_x_variant":[
        "Capit\u00e3o de Campo",
        "Capit\u00e3o de Mato",
        "Capit\u00e3o-do-Mato"
    ],
    "name:ron_x_preferred":[
        "Capit\u00e3o de Campos"
    ],
    "name:rus_x_preferred":[
        "\u041a\u0430\u043f\u0438\u0442\u0430\u043d-\u0434\u0438-\u041a\u0430\u043c\u043f\u0443\u0441"
    ],
    "name:swe_x_preferred":[
        "Capit\u00e3o de Campos"
    ],
    "name:tat_x_preferred":[
        "\u041a\u0430\u043f\u0438\u0442\u0430\u043d-\u0434\u0438-\u041a\u0430\u043c\u043f\u0443\u0441"
    ],
    "name:vie_x_preferred":[
        "Capit\u00e3o de Campos"
    ],
    "name:vol_x_preferred":[
        "Capit\u00e3o de Campos"
    ],
    "name:war_x_preferred":[
        "Capit\u00e3o de Campos"
    ],
    "name:zho_x_preferred":[
        "\u5361\u76ae\u5510\u8fea\u574e\u6ce2\u65af"
    ],
    "qs:a0":"Brasil",
    "qs:a1":"*PI",
    "qs:a1_lc":"22",
    "qs:a1r":"*",
    "qs:a2":"CAPIT0O DE CAMPOS",
    "qs:a2_lc":"2202406",
    "qs:adm0":"Brazil",
    "qs:id":0,
    "qs:la_lc":"*",
    "qs:level":"locality0",
    "qs:loc":"Capit\u00e3o de Campos",
    "qs:pop":0,
    "qs:source":"ABrasil IBGE",
    "qs:type":"Centro Local",
    "src:geom":"quattroshapes",
    "src:geom_alt":[
        "quattroshapes_pg"
    ],
    "src:lbl_centroid":"mapshaper",
    "wd:wordcount":149,
    "wof:belongsto":[
        85681977,
        102191577,
        85633009,
        1511777415,
        102057013
    ],
    "wof:breaches":[],
    "wof:concordances":{
        "fct:id":"0386b064-8f76-11e1-848f-cfd5bf3ef515",
        "gn:id":3403140,
        "gp:id":456120,
        "qs_pg:id":382527,
        "wd:id":"Q2089202",
        "wk:page":"Capit\u00e3o de Campos"
    },
    "wof:country":"BR",
    "wof:geom_alt":[
        "quattroshapes_pg"
    ],
    "wof:geomhash":"b22a6ca008d3622fce640ccba1d122df",
    "wof:hierarchy":[
        {
            "continent_id":102191577,
            "country_id":85633009,
            "county_id":102057013,
            "locality_id":101943827,
            "macroregion_id":1511777415,
            "region_id":85681977
        }
    ],
    "wof:id":101943827,
    "wof:lang":[
        "por"
    ],
    "wof:lastmodified":1690862724,
    "wof:name":"Capit\u00e3o de Campos",
    "wof:parent_id":102057013,
    "wof:placetype":"locality",
    "wof:repo":"whosonfirst-data-admin-br",
    "wof:superseded_by":[],
    "wof:supersedes":[],
    "wof:tags":[]
},
  "bbox": [
    -41.958768,
    -4.476465,
    -41.928182,
    -4.44039
],
  "geometry": {"coordinates":[[[-41.943172,-4.440452],[-41.929028,-4.449283],[-41.928182,-4.45009],[-41.928196,-4.450172],[-41.929545,-4.458067],[-41.934249,-4.470295],[-41.95045,-4.476465],[-41.951086,-4.475755],[-41.958768,-4.467177],[-41.957442,-4.444265],[-41.957396,-4.443458],[-41.956169,-4.442053],[-41.954532,-4.442762],[-41.943271,-4.44039],[-41.943172,-4.440452]]],"type":"Polygon"}
}

কাপিটাও ডে কাম্পোস

Capitão de Campos

Капитан-ди-Кампус

კაპიტან-დი-კამპუსი

Capitão de Campo

Capitão de Mato

Capitão-do-Mato

卡皮唐迪坎波斯
