{
  "id": 101956317,
  "type": "Feature",
  "properties": {
    "edtf:cessation":"uuuu",
    "edtf:inception":"uuuu",
    "geom:area":0.001759,
    "geom:area_square_m":19976789.292281,
    "geom:bbox":"-45.565642,-23.307271,-45.490541,-23.251478",
    "geom:latitude":-23.284125,
    "geom:longitude":-45.527537,
    "iso:country":"BR",
    "lbl:latitude":-23.282306,
    "lbl:longitude":-45.530097,
    "lbl:max_zoom":15.0,
    "lbl:min_zoom":11.5,
    "mps:latitude":-23.282306,
    "mps:longitude":-45.530097,
    "mz:hierarchy_label":1,
    "mz:is_current":1,
    "mz:min_zoom":11.0,
    "name:bpy_x_preferred":[
        "\u09b0\u09c7\u09a1\u09c7\u09a8\u0995\u09af\u09bc\u09be\u0993 \u09a1\u09be \u09b8\u09c7\u09b0\u09cd\u09b0\u09be"
    ],
    "name:cat_x_preferred":[
        "Reden\u00e7\u00e3o da Serra"
    ],
    "name:ceb_x_preferred":[
        "Reden\u00e7\u00e3o da Serra"
    ],
    "name:che_x_preferred":[
        "\u0420\u0435\u0434\u0435\u043d\u0441\u0430\u043d-\u0434\u0430-\u0421\u0435\u0440\u0440\u0430"
    ],
    "name:deu_x_preferred":[
        "Reden\u00e7\u00e3o da Serra"
    ],
    "name:eng_x_preferred":[
        "Reden\u00e7\u00e3o da Serra"
    ],
    "name:epo_x_preferred":[
        "Reden\u00e7\u00e3o da Serra"
    ],
    "name:eus_x_preferred":[
        "Reden\u00e7\u00e3o da Serra"
    ],
    "name:fra_x_preferred":[
        "Reden\u00e7\u00e3o da Serra"
    ],
    "name:hun_x_preferred":[
        "Reden\u00e7\u00e3o da Serra"
    ],
    "name:ita_x_preferred":[
        "Reden\u00e7\u00e3o da Serra"
    ],
    "name:kaz_x_preferred":[
        "\u0420\u0435\u0434\u0435\u043d\u0441\u0430\u043d-\u0434\u0430-\u0421\u0435\u0440\u0440\u0430"
    ],
    "name:mlg_x_preferred":[
        "Reden\u00e7\u00e3o da Serra"
    ],
    "name:nan_x_preferred":[
        "Reden\u00e7\u00e3o da Serra"
    ],
    "name:nld_x_preferred":[
        "Reden\u00e7\u00e3o da Serra"
    ],
    "name:nob_x_preferred":[
        "Reden\u00e7\u00e3o da Serra"
    ],
    "name:nor_x_preferred":[
        "Reden\u00e7\u00e3o da Serra"
    ],
    "name:pol_x_preferred":[
        "Reden\u00e7\u00e3o da Serra"
    ],
    "name:por_x_colloquial":[
        "Redencao da Serra"
    ],
    "name:por_x_preferred":[
        "Reden\u00e7\u00e3o da Serra"
    ],
    "name:ron_x_preferred":[
        "Reden\u00e7\u00e3o da Serra"
    ],
    "name:rus_x_preferred":[
        "\u0420\u0435\u0434\u0435\u043d\u0441\u0430\u043d-\u0434\u0430-\u0421\u0435\u0440\u0440\u0430"
    ],
    "name:swe_x_preferred":[
        "Reden\u00e7\u00e3o da Serra"
    ],
    "name:tat_x_preferred":[
        "\u0420\u0435\u0434\u0435\u043d\u0441\u0430\u043d-\u0434\u0430-\u0421\u0435\u0440\u0440\u0430"
    ],
    "name:tur_x_preferred":[
        "Reden\u00e7\u00e3o da Serra"
    ],
    "name:und_x_variant":[
        "Reden\u00e7\u00e3o"
    ],
    "name:vie_x_preferred":[
        "Reden\u00e7\u00e3o da Serra"
    ],
    "name:vol_x_preferred":[
        "Reden\u00e7\u00e3o da Serra"
    ],
    "name:war_x_preferred":[
        "Reden\u00e7\u00e3o da Serra"
    ],
    "name:zho_x_preferred":[
        "\u96f7\u767b\u6851\u8fbe\u585e\u62c9"
    ],
    "qs:a0":"Brasil",
    "qs:a1":"*SP",
    "qs:a1_lc":"35",
    "qs:a1r":"*",
    "qs:a2":"REDEN05O DA SERRA",
    "qs:a2_lc":"3542305",
    "qs:adm0":"Brazil",
    "qs:la_lc":"*",
    "qs:level":"locality0",
    "qs:loc":"Reden\u00e7\u00e3o da Serra",
    "qs:pop":0,
    "qs:source":"ABrasil IBGE",
    "qs:type":"Centro Local",
    "src:geom":"quattroshapes",
    "src:geom_alt":[
        "quattroshapes_pg"
    ],
    "src:lbl_centroid":"mapshaper",
    "src:population":"wk",
    "wd:latitude":-23.266944,
    "wd:longitude":-45.536944,
    "wd:population":3930,
    "wd:wordcount":145,
    "wof:belongsto":[
        85682041,
        102191577,
        85633009,
        1511777411,
        102062057
    ],
    "wof:breaches":[],
    "wof:concordances":{
        "fct:id":"0386450c-8f76-11e1-848f-cfd5bf3ef515",
        "gn:id":3451740,
        "gp:id":446484,
        "qs_pg:id":271774,
        "wd:id":"Q1759632",
        "wk:page":"Reden\u00e7\u00e3o da Serra"
    },
    "wof:country":"BR",
    "wof:geom_alt":[
        "quattroshapes_pg"
    ],
    "wof:geomhash":"b7bb873771e05e94caca957ae64337e0",
    "wof:hierarchy":[
        {
            "continent_id":102191577,
            "country_id":85633009,
            "county_id":102062057,
            "locality_id":101956317,
            "macroregion_id":1511777411,
            "region_id":85682041
        }
    ],
    "wof:id":101956317,
    "wof:lang":[
        "por"
    ],
    "wof:lastmodified":1690862469,
    "wof:name":"Reden\u00e7\u00e3o da Serra",
    "wof:parent_id":102062057,
    "wof:placetype":"locality",
    "wof:population":3930,
    "wof:population_rank":4,
    "wof:repo":"whosonfirst-data-admin-br",
    "wof:superseded_by":[],
    "wof:supersedes":[],
    "wof:tags":[]
},
  "bbox": [
    -45.565642,
    -23.307271,
    -45.490541,
    -23.251478
],
  "geometry": {"coordinates":[[[-45.502485,-23.292088],[-45.498264,-23.292474],[-45.497075,-23.291578],[-45.493285,-23.29219],[-45.492957,-23.293523],[-45.490541,-23.303557],[-45.51168,-23.307271],[-45.548289,-23.291302],[-45.551899,-23.289728],[-45.556684,-23.287641],[-45.559427,-23.286444],[-45.560839,-23.285829],[-45.565642,-23.283647],[-45.560551,-23.279933],[-45.5601,-23.279604],[-45.559987,-23.279521],[-45.559591,-23.279232],[-45.558548,-23.278471],[-45.558305,-23.278294],[-45.557518,-23.27772],[-45.557348,-23.277596],[-45.557215,-23.277499],[-45.557001,-23.277342],[-45.554543,-23.275597],[-45.549902,-23.271821],[-45.545298,-23.267779],[-45.542859,-23.265371],[-45.539316,-23.26194],[-45.534462,-23.25627],[-45.533295,-23.254558],[-45.531898,-23.252983],[-45.531351,-23.252358],[-45.5303,-23.251478],[-45.529497,-23.252437],[-45.526478,-23.257552],[-45.526161,-23.258102],[-45.520879,-23.269182],[-45.515826,-23.274621],[-45.514418,-23.277225],[-45.508509,-23.288045],[-45.50409,-23.290639],[-45.502485,-23.292088]]],"type":"Polygon"}
}

রেডেনকয়াও ডা সের্রা

Redenção da Serra

Реденсан-да-Серра

Redenção

雷登桑达塞拉
