{
  "id": 101987287,
  "type": "Feature",
  "properties": {
    "edtf:cessation":"uuuu",
    "edtf:deprecated":"2018-08-22",
    "edtf:inception":"uuuu",
    "edtf:superseded":"2018-08-22",
    "geom:area":0.000039,
    "geom:area_square_m":475460.3144,
    "geom:bbox":"-35.4930124605,-7.83390178158,-35.4858936792,-7.82490567684",
    "geom:latitude":-7.828986,
    "geom:longitude":-35.489895,
    "iso:country":"BR",
    "lbl:latitude":-7.828961,
    "lbl:longitude":-35.489963,
    "mps:latitude":-7.828961,
    "mps:longitude":-35.489963,
    "mz:hierarchy_label":1,
    "mz:is_current":0,
    "name:ara_x_preferred":[
        "\u0623\u0644\u0641\u0627\u0631 \u0646\u0648\u0646\u064a\u064a\u062b \u0643\u0627\u0628\u064a\u062b\u0627 \u062f\u064a \u0641\u0627\u0643\u0627"
    ],
    "name:bul_x_preferred":[
        "\u0410\u043b\u0432\u0430\u0440 \u041d\u0443\u043d\u0435\u0441 \u041a\u0430\u0431\u0435\u0441\u0430 \u0434\u0435 \u0412\u0430\u043a\u0430"
    ],
    "name:cat_x_preferred":[
        "\u00c1lvar N\u00fa\u00f1ez Cabeza de Vaca"
    ],
    "name:ces_x_preferred":[
        "\u00c1lvar N\u00fa\u00f1ez Cabeza de Vaca"
    ],
    "name:deu_x_preferred":[
        "\u00c1lvar N\u00fa\u00f1ez Cabeza de Vaca"
    ],
    "name:epo_x_preferred":[
        "\u00c1lvar N\u00fa\u00f1ez Cabeza de Vaca"
    ],
    "name:eus_x_preferred":[
        "\u00c1lvar N\u00fa\u00f1ez Cabeza de Vaca"
    ],
    "name:fin_x_preferred":[
        "\u00c1lvar N\u00fa\u00f1ez Cabeza de Vaca"
    ],
    "name:fra_x_preferred":[
        "\u00c1lvar N\u00fa\u00f1ez Cabeza de Vaca"
    ],
    "name:spa_x_preferred":[
        "\u00c1lvar N\u00fa\u00f1ez Cabeza de Vaca"
    ],
    "qs:a0":"Brasil",
    "qs:a1":"*PE",
    "qs:a1_lc":"26",
    "qs:a1r":"*",
    "qs:a2":"LIMOEIRO",
    "qs:a2_lc":"2608909",
    "qs:adm0":"Brazil",
    "qs:la_lc":"*",
    "qs:level":"locality0",
    "qs:loc":"Cabe\u00e7a de Vaca",
    "qs:pop":0,
    "qs:source":"ABrasil IBGE",
    "qs:type":"Local other",
    "src:geom":"quattroshapes",
    "src:geom_alt":[],
    "src:lbl:centroid":"mapshaper",
    "wof:belongsto":[
        85681973,
        102191577,
        404560487,
        85633009,
        102056717
    ],
    "wof:breaches":[],
    "wof:concordances":{
        "qs:id":9
    },
    "wof:country":"BR",
    "wof:geomhash":"a03d05b9385c80846bd0998abcb9e70b",
    "wof:hierarchy":[
        {
            "continent_id":102191577,
            "country_id":85633009,
            "county_id":102056717,
            "localadmin_id":404560487,
            "locality_id":101987287,
            "region_id":85681973
        }
    ],
    "wof:id":101987287,
    "wof:lastmodified":1534985869,
    "wof:name":"Cabe\u00e7a de Vaca",
    "wof:parent_id":404560487,
    "wof:placetype":"locality",
    "wof:repo":"whosonfirst-data-admin-br",
    "wof:superseded_by":[
        1175611003
    ],
    "wof:supersedes":[],
    "wof:tags":[]
},
  "bbox": [
    -35.4930124605052,
    -7.83390178157508,
    -35.48589367915569,
    -7.82490567683702
],
  "geometry": {"coordinates":[[[-35.4907727655112,-7.82490567683702],[-35.4871508256493,-7.82646492701629],[-35.4859745364511,-7.82843485711923],[-35.48593123615139,-7.828507372079],[-35.48589367915569,-7.82857026873456],[-35.4859000162988,-7.82857790803043],[-35.4859817744868,-7.82867646584612],[-35.4859920008375,-7.8286887935017],[-35.4902101292621,-7.83377366064372],[-35.4903164113984,-7.83390178157508],[-35.4904453687514,-7.83375331093834],[-35.4926186555795,-7.83125117149812],[-35.49299086552339,-7.82728570401884],[-35.49300027705759,-7.82718543498119],[-35.49301106413969,-7.82707051106806],[-35.4930124605052,-7.82705563440487],[-35.4929910884743,-7.82703527321324],[-35.49283072552169,-7.82688249499486],[-35.4927625414357,-7.82681753583187],[-35.4907727655112,-7.82490567683702]]],"type":"Polygon"}
}

ألفار نونييث كابيثا دي فاكا

Алвар Нунес Кабеса де Вака

Álvar Núñez Cabeza de Vaca

Cabeça de Vaca
