{
  "id": 1125902553,
  "type": "Feature",
  "properties": {
    "edtf:cessation":"uuuu",
    "edtf:inception":"uuuu",
    "geom:area":0.0,
    "geom:area_square_m":0.0,
    "geom:bbox":"-4.710919,42.819671,-4.710919,42.819671",
    "geom:latitude":42.819671,
    "geom:longitude":-4.710919,
    "gn:country":null,
    "iso:country":"ES",
    "lbl:bbox":"-4.730919,42.799671,-4.690919,42.839671",
    "lbl:latitude":42.819671,
    "lbl:longitude":-4.710919,
    "lbl:max_zoom":18.0,
    "lbl:min_zoom":13.5,
    "mz:hierarchy_label":1,
    "mz:is_current":-1,
    "mz:min_zoom":12.0,
    "mz:note":"Quattroshapes Point Gazetteer import 20170519",
    "qs_pg:aaroncc":"ES",
    "qs_pg:gn_country":null,
    "qs_pg:name":"Avi\u00f1ante de la Pe\u00f1a",
    "qs_pg:name_adm0":"Espa\u00f1a",
    "qs_pg:name_adm1":"Castilla y Le\u00f3n",
    "qs_pg:photos":21,
    "qs_pg:photos_1k":4,
    "qs_pg:photos_9k":1,
    "qs_pg:photos_9r":1,
    "qs_pg:photos_all":21,
    "qs_pg:photos_sr":1,
    "qs_pg:pop_sr":0,
    "qs_pg:qs_id":72404,
    "qs_pg:qs_pg_placetype":"locality",
    "qs_pg:qs_pg_placetype_gp":"Town",
    "qs_pg:woe_adm0":23424950,
    "qs_pg:woe_id":20220695,
    "src:geom":"qs_pg",
    "src:lbl_centroid":"qs_pg",
    "woe:adm0_id":23424950,
    "woe:name_adm0":"Espa\u00f1a",
    "woe:name_adm1":"Castilla y Le\u00f3n",
    "woe:placetype":"Town",
    "wof:belongsto":[
        85682815,
        102191581,
        404340753,
        85633129,
        404227373
    ],
    "wof:breaches":[],
    "wof:concordances":{
        "gp:id":20220695,
        "qs_pg:id":72404
    },
    "wof:country":"ES",
    "wof:created":1497295867,
    "wof:geomhash":"22f3ec7d8edce0319b649c29e622cbbe",
    "wof:hierarchy":[
        {
            "continent_id":102191581,
            "country_id":85633129,
            "localadmin_id":404340753,
            "locality_id":1125902553,
            "macroregion_id":404227373,
            "region_id":85682815
        }
    ],
    "wof:id":1125902553,
    "wof:lastmodified":1566591752,
    "wof:name":"Avi\u00f1ante de la Pe\u00f1a",
    "wof:parent_id":404340753,
    "wof:placetype":"locality",
    "wof:repo":"whosonfirst-data-admin-es",
    "wof:superseded_by":[],
    "wof:supersedes":[],
    "wof:tags":[]
},
  "bbox": [
    -4.710919,
    42.819671,
    -4.710919,
    42.819671
],
  "geometry": {"coordinates":[-4.710919,42.819671],"type":"Point"}
}

Aviñante de la Peña

España

Castilla y León
