{
  "id": 1125910893,
  "type": "Feature",
  "properties": {
    "edtf:cessation":"uuuu",
    "edtf:inception":"uuuu",
    "geom:area":0.0,
    "geom:area_square_m":0.0,
    "geom:bbox":"-3.68755,41.77303,-3.68755,41.77303",
    "geom:latitude":41.77303,
    "geom:longitude":-3.68755,
    "gn:country":"ES",
    "gn:fcode":"PPL",
    "gn:population":698,
    "iso:country":"ES",
    "lbl:bbox":"-3.70755,41.75303,-3.66755,41.79303",
    "lbl:latitude":41.77303,
    "lbl:longitude":-3.68755,
    "lbl:max_zoom":17.0,
    "lbl:min_zoom":12.5,
    "mz:hierarchy_label":1,
    "mz:is_current":1,
    "mz:min_zoom":11.0,
    "mz:note":"Quattroshapes Point Gazetteer import 20170519",
    "name:ara_x_preferred":[
        "\u063a\u0648\u0645\u0627\u064a\u0644 \u062f\u064a \u0623\u064a\u0632\u0627\u0646"
    ],
    "name:arg_x_preferred":[
        "Gumiel de Iz\u00e1n"
    ],
    "name:arz_x_preferred":[
        "\u062c\u0648\u0645\u0627\u064a\u0644 \u062f\u0649 \u0627\u064a\u0632\u0627\u0646"
    ],
    "name:azb_x_preferred":[
        "\u0642\u0648\u0645\u06cc\u0644 \u062f \u0627\u06cc\u0633\u0627\u0646"
    ],
    "name:cat_x_preferred":[
        "Gumiel de Iz\u00e1n"
    ],
    "name:che_x_preferred":[
        "\u0413\u0443\u043c\u044c\u0435\u043b\u044c-\u0434\u0435-\u0418\u0441\u0430\u043d"
    ],
    "name:deu_x_preferred":[
        "Gumiel de Iz\u00e1n"
    ],
    "name:eng_x_preferred":[
        "Gumiel de Iz\u00e1n"
    ],
    "name:epo_x_preferred":[
        "Gumiel de Iz\u00e1n"
    ],
    "name:eus_x_preferred":[
        "Gumiel de Iz\u00e1n"
    ],
    "name:fas_x_preferred":[
        "\u06af\u0648\u0645\u06cc\u0644 \u062f \u0627\u06cc\u0633\u0627\u0646"
    ],
    "name:fra_x_preferred":[
        "Gumiel de Iz\u00e1n"
    ],
    "name:glg_x_preferred":[
        "Gumiel de Iz\u00e1n"
    ],
    "name:haw_x_preferred":[
        "Gumiel de Iz\u00e1n"
    ],
    "name:hun_x_preferred":[
        "Gumiel de Iz\u00e1n"
    ],
    "name:hye_x_preferred":[
        "\u0533\u0578\u0582\u0574\u056b\u0565\u056c \u0564\u0565 \u053b\u057d\u0561\u0576"
    ],
    "name:ina_x_preferred":[
        "Gumiel de Iz\u00e1n"
    ],
    "name:ita_x_preferred":[
        "Gumiel de Iz\u00e1n"
    ],
    "name:lad_x_preferred":[
        "Gumiel de Iz\u00e1n"
    ],
    "name:lit_x_preferred":[
        "Gumiel de Isanas"
    ],
    "name:msa_x_preferred":[
        "Gumiel de Iz\u00e1n"
    ],
    "name:nan_x_preferred":[
        "Gumiel de Iz\u00e1n"
    ],
    "name:nld_x_preferred":[
        "Gumiel de Iz\u00e1n"
    ],
    "name:oci_x_preferred":[
        "Gumiel de Iz\u00e1n"
    ],
    "name:pol_x_preferred":[
        "Gumiel de Iz\u00e1n"
    ],
    "name:por_x_preferred":[
        "Gumiel de Iz\u00e1n"
    ],
    "name:rus_x_preferred":[
        "\u0413\u0443\u043c\u044c\u0435\u043b\u044c-\u0434\u0435-\u0418\u0441\u0430\u043d"
    ],
    "name:spa_x_preferred":[
        "Gumiel de Iz\u00e1n"
    ],
    "name:swe_x_preferred":[
        "Gumiel de Iz\u00e1n"
    ],
    "name:tat_x_preferred":[
        "\u0413\u0443\u043c\u044c\u0435\u043b\u044c-\u0434\u0435-\u0418\u0441\u0430\u043d"
    ],
    "name:tpi_x_preferred":[
        "Gumiel de Iz\u00e1n"
    ],
    "name:ukr_x_preferred":[
        "\u0413\u0443\u043c'\u0454\u043b\u044c-\u0434\u0435-\u0406\u0441\u0430\u043d"
    ],
    "name:uzb_x_preferred":[
        "Gumiel de Iz\u00e1n"
    ],
    "name:vie_x_preferred":[
        "Gumiel de Iz\u00e1n"
    ],
    "name:war_x_preferred":[
        "Gumiel de Iz\u00e1n"
    ],
    "name:zho_x_preferred":[
        "\u53e4\u7c73\u8036\u5c14\u5fb7\u6851"
    ],
    "qs_pg:aaroncc":"ES",
    "qs_pg:gn_country":"ES",
    "qs_pg:gn_fcode":"PPL",
    "qs_pg:gn_id":3120913,
    "qs_pg:gn_pop":698,
    "qs_pg:name":"Gumiel de Hiz\u00e1n",
    "qs_pg:name_adm0":"Espa\u00f1a",
    "qs_pg:name_adm1":"Castilla y Le\u00f3n",
    "qs_pg:photos":178,
    "qs_pg:photos_1k":36,
    "qs_pg:photos_9k":1,
    "qs_pg:photos_9r":4,
    "qs_pg:photos_all":178,
    "qs_pg:photos_sr":4,
    "qs_pg:pop_sr":2,
    "qs_pg:qs_id":477279,
    "qs_pg:qs_pg_placetype":"locality",
    "qs_pg:qs_pg_placetype_gp":"Town",
    "qs_pg:woe_adm0":23424950,
    "qs_pg:woe_id":762025,
    "src:geom":"qs_pg",
    "src:lbl_centroid":"qs_pg",
    "src:population":"geonames",
    "woe:adm0_id":23424950,
    "woe:name_adm0":"Espa\u00f1a",
    "woe:name_adm1":"Castilla y Le\u00f3n",
    "woe:placetype":"Town",
    "wof:belongsto":[
        85682667,
        102191581,
        404331899,
        85633129,
        404227373
    ],
    "wof:breaches":[],
    "wof:concordances":{
        "gn:id":3120913,
        "gp:id":762025,
        "qs_pg:id":477279,
        "wd:id":"Q1628693"
    },
    "wof:country":"ES",
    "wof:created":1497296134,
    "wof:geomhash":"c3b2c55c136160a44236a655873237f6",
    "wof:hierarchy":[
        {
            "continent_id":102191581,
            "country_id":85633129,
            "localadmin_id":404331899,
            "locality_id":1125910893,
            "macroregion_id":404227373,
            "region_id":85682667
        }
    ],
    "wof:id":1125910893,
    "wof:lastmodified":1690879069,
    "wof:name":"Gumiel de Hiz\u00e1n",
    "wof:parent_id":404331899,
    "wof:placetype":"locality",
    "wof:population":698,
    "wof:population_rank":2,
    "wof:repo":"whosonfirst-data-admin-es",
    "wof:superseded_by":[],
    "wof:supersedes":[],
    "wof:tags":[]
},
  "bbox": [
    -3.68755,
    41.77303,
    -3.68755,
    41.77303
],
  "geometry": {"coordinates":[-3.68755,41.77303],"type":"Point"}
}

غومايل دي أيزان

Gumiel de Izán

جومايل دى ايزان

قومیل د ایسان

Гумьель-де-Исан

گومیل د ایسان

Գումիել դե Իսան

Гум'єль-де-Ісан

古米耶尔德桑

Gumiel de Hizán

España

Castilla y León
