{
  "id": 1125919923,
  "type": "Feature",
  "properties": {
    "edtf:cessation":"uuuu",
    "edtf:inception":"uuuu",
    "geom:area":0.0,
    "geom:area_square_m":0.0,
    "geom:bbox":"2.23333,41.4333,2.23333,41.4333",
    "geom:latitude":41.4333,
    "geom:longitude":2.23333,
    "gn:country":"ES",
    "gn:fcode":"PPL",
    "gn:population":0,
    "iso:country":"ES",
    "lbl:bbox":"2.21333,41.4133,2.25333,41.4533",
    "lbl:latitude":41.4333,
    "lbl:longitude":2.23333,
    "lbl:max_zoom":18.0,
    "lbl:min_zoom":13.5,
    "mz:hierarchy_label":1,
    "mz:is_current":1,
    "mz:min_zoom":12.0,
    "mz:note":"Quattroshapes Point Gazetteer import 20170519",
    "name:ara_x_preferred":[
        "\u0633\u0627\u0646 \u0623\u062f\u0631\u064a\u0627\u0646 \u062f\u064a \u0628\u064a\u0632\u0648\u0633"
    ],
    "name:arg_x_preferred":[
        "Sant Adri\u00e0 de Bes\u00f2s"
    ],
    "name:arz_x_preferred":[
        "\u0633\u0627\u0646 \u0627\u062f\u0631\u064a\u0627\u0646 \u062f\u0649 \u0628\u064a\u0632\u0648\u0633"
    ],
    "name:azb_x_preferred":[
        "\u0633\u0627\u0646\u062a \u0622\u062f\u0631\u06cc\u0627 \u062f \u0628\u0633\u0633"
    ],
    "name:cat_x_preferred":[
        "Sant Adri\u00e0 de Bes\u00f2s"
    ],
    "name:deu_x_preferred":[
        "Sant Adri\u00e0 de Bes\u00f2s"
    ],
    "name:eng_x_preferred":[
        "Sant Adri\u00e0 de Bes\u00f2s"
    ],
    "name:eus_x_preferred":[
        "Sant Adri\u00e0 de Bes\u00f2s"
    ],
    "name:fas_x_preferred":[
        "\u0633\u0627\u0646\u062a \u0622\u062f\u0631\u06cc\u0627 \u062f \u0628\u0633\u0633"
    ],
    "name:fra_x_preferred":[
        "Sant Adri\u00e0 de Bes\u00f2s"
    ],
    "name:glg_x_preferred":[
        "Sant Adri\u00e0 de Bes\u00f2s"
    ],
    "name:heb_x_preferred":[
        "\u05e1\u05e0\u05d8 \u05d0\u05d3\u05e8\u05d9\u05d4"
    ],
    "name:hun_x_preferred":[
        "Sant Adri\u00e0 de Bes\u00f2s"
    ],
    "name:ita_x_preferred":[
        "Sant Adri\u00e0 de Bes\u00f2s"
    ],
    "name:jpn_x_preferred":[
        "\u30b5\u30f3\u30c8\u30fb\u30a2\u30c9\u30ea\u30a2\u30fc\u30fb\u30c0\u30fb\u30d0\u30be\u30b9"
    ],
    "name:kor_x_preferred":[
        "\uc0b0\ud2b8 \uc544\ub4dc\ub9ac\uc544 \ub370 \ubca0\uc18c\uc2a4"
    ],
    "name:lat_x_preferred":[
        "Sant Adri\u00e0 de Bes\u00f2s"
    ],
    "name:lit_x_preferred":[
        "Sant Adrija de Besosas"
    ],
    "name:msa_x_preferred":[
        "Sant Adri\u00e0 de Bes\u00f2s"
    ],
    "name:nld_x_preferred":[
        "Sant Adri\u00e0 de Bes\u00f2s"
    ],
    "name:nob_x_preferred":[
        "Sant Adri\u00e0 de Bes\u00f2s"
    ],
    "name:oci_x_preferred":[
        "Sant Adri\u00e0 de Bes\u00f2s"
    ],
    "name:pol_x_preferred":[
        "San Adri\u00e1n de Bes\u00f3s"
    ],
    "name:por_x_preferred":[
        "Sant Adri\u00e0 de Bes\u00f2s"
    ],
    "name:ron_x_preferred":[
        "Sant Adri\u00e0 de Bes\u00f3s"
    ],
    "name:rus_x_preferred":[
        "\u0421\u0430\u043d-\u0410\u0434\u0440\u0438\u0430\u043d-\u0434\u0435-\u0411\u0435\u0441\u043e\u0441"
    ],
    "name:sco_x_preferred":[
        "Sant Adri\u00e0 de Bes\u00f2s"
    ],
    "name:spa_x_preferred":[
        "San Adri\u00e1n de Bes\u00f3s"
    ],
    "name:sqi_x_preferred":[
        "Sant Adri\u00e0 de Bes\u00f2s"
    ],
    "name:srp_x_preferred":[
        "\u0421\u0430\u043d \u0410\u0434\u0440\u0438\u0458\u0430\u043d \u0434\u0435 \u0411\u0435\u0441\u043e\u0441"
    ],
    "name:srp_x_variant":[
        "\u0421\u0430\u043d\u0442 \u0410\u0434\u0440\u0438\u0458\u0430 \u0434\u0435 \u0411\u0435\u0437\u043e\u0441"
    ],
    "name:swe_x_preferred":[
        "Sant Adri\u00e0 de Bes\u00f2s"
    ],
    "name:tur_x_preferred":[
        "Sant Adri\u00e0 de Bes\u00f2s"
    ],
    "name:ukr_x_preferred":[
        "\u0421\u0430\u043d\u0442-\u0410\u0434\u0440\u0456\u0430-\u0434\u0430-\u0411\u0430\u0437\u043e\u0441"
    ],
    "name:war_x_preferred":[
        "Sant Adri\u00e0 de Bes\u00f2s"
    ],
    "name:zho_x_preferred":[
        "\u6851\u5854\u5fb7\u91cc\u4e9a\u5fb7\u97e6\u7d22\u65af"
    ],
    "qs_pg:aaroncc":"ES",
    "qs_pg:gn_country":"ES",
    "qs_pg:gn_fcode":"PPL",
    "qs_pg:gn_id":6950989,
    "qs_pg:gn_pop":0,
    "qs_pg:name":"San Adria del Bes\u00f2s",
    "qs_pg:name_adm0":"Espa\u00f1a",
    "qs_pg:name_adm1":"Catalunya",
    "qs_pg:photos":78,
    "qs_pg:photos_1k":16,
    "qs_pg:photos_9k":1,
    "qs_pg:photos_9r":3,
    "qs_pg:photos_all":78,
    "qs_pg:photos_sr":3,
    "qs_pg:pop_sr":0,
    "qs_pg:qs_id":983363,
    "qs_pg:qs_pg_placetype":"locality",
    "qs_pg:qs_pg_placetype_gp":"Town",
    "qs_pg:woe_adm0":23424950,
    "qs_pg:woe_id":772588,
    "src:geom":"qs_pg",
    "src:lbl_centroid":"qs_pg",
    "woe:adm0_id":23424950,
    "woe:name_adm0":"Espa\u00f1a",
    "woe:name_adm1":"Catalunya",
    "woe:placetype":"Town",
    "wof:belongsto":[
        85682663,
        102191581,
        404330911,
        85633129,
        404227379
    ],
    "wof:breaches":[],
    "wof:concordances":{
        "gn:id":6950989,
        "gp:id":772588,
        "qs_pg:id":983363,
        "wd:id":"Q15471"
    },
    "wof:country":"ES",
    "wof:created":1497296444,
    "wof:geomhash":"e7e080a18f9435d681a7168f3a0eeb5b",
    "wof:hierarchy":[
        {
            "continent_id":102191581,
            "country_id":85633129,
            "localadmin_id":404330911,
            "locality_id":1125919923,
            "macroregion_id":404227379,
            "region_id":85682663
        }
    ],
    "wof:id":1125919923,
    "wof:lastmodified":1690879056,
    "wof:name":"San Adria del Bes\u00f2s",
    "wof:parent_id":404330911,
    "wof:placetype":"locality",
    "wof:repo":"whosonfirst-data-admin-es",
    "wof:superseded_by":[],
    "wof:supersedes":[],
    "wof:tags":[]
},
  "bbox": [
    2.23333,
    41.4333,
    2.23333,
    41.4333
],
  "geometry": {"coordinates":[2.23333,41.4333],"type":"Point"}
}

سان أدريان دي بيزوس

Sant Adrià de Besòs

سان ادريان دى بيزوس

سانت آدریا د بسس

סנט אדריה

サント・アドリアー・ダ・バゾス

산트 아드리아 데 베소스

San Adrián de Besós

Sant Adrià de Besós

Сан-Адриан-де-Бесос

Сан Адријан де Бесос

Сант Адрија де Безос

Сант-Адріа-да-Базос

桑塔德里亚德韦索斯

San Adria del Besòs

España
