{
  "id": 1125934379,
  "type": "Feature",
  "properties": {
    "edtf:cessation":"uuuu",
    "edtf:inception":"uuuu",
    "geom:area":0.0,
    "geom:area_square_m":0.0,
    "geom:bbox":"21.79444,44.78639,21.79444,44.78639",
    "geom:latitude":44.78639,
    "geom:longitude":21.79444,
    "gn:country":"RO",
    "gn:fcode":"PPLA2",
    "gn:population":1480,
    "iso:country":"RO",
    "lbl:bbox":"21.77444,44.76639,21.81444,44.80639",
    "lbl:latitude":44.78639,
    "lbl:longitude":21.79444,
    "lbl:max_zoom":16.0,
    "lbl:min_zoom":12.0,
    "mz:hierarchy_label":0,
    "mz:is_current":1,
    "mz:is_funky":1,
    "mz:min_zoom":11.0,
    "mz:note":"Quattroshapes Point Gazetteer import 20170519",
    "name:arz_x_preferred":[
        "\u062c\u064a\u0631\u0646\u064a\u0643"
    ],
    "name:ceb_x_preferred":[
        "G\u00e2rnic"
    ],
    "name:ces_x_preferred":[
        "Gern\u00edk"
    ],
    "name:che_x_preferred":[
        "\u0413\u0438\u0440\u043d\u0438\u043a"
    ],
    "name:eng_x_preferred":[
        "G\u00e2rnic"
    ],
    "name:fra_x_preferred":[
        "G\u00e2rnic"
    ],
    "name:gle_x_preferred":[
        "G\u00e2rnic"
    ],
    "name:hun_x_preferred":[
        "Sz\u00f6r\u00e9nybuz\u00e1s"
    ],
    "name:hun_x_variant":[
        "Weitzenried"
    ],
    "name:nld_x_preferred":[
        "G\u00e2rnic"
    ],
    "name:pol_x_preferred":[
        "G\u00e2rnic"
    ],
    "name:ron_x_preferred":[
        "G\u00e2rnic"
    ],
    "name:srp_x_preferred":[
        "\u0413\u0430\u0440\u043d\u0438\u043a"
    ],
    "name:tat_x_preferred":[
        "\u0413\u0438\u0440\u043d\u0438\u043a"
    ],
    "name:ukr_x_preferred":[
        "\u0413\u0438\u0440\u043d\u0456\u043a"
    ],
    "name:und_x_variant":[
        "Gernik"
    ],
    "qs_pg:aaroncc":"RO",
    "qs_pg:gn_country":"RO",
    "qs_pg:gn_fcode":"PPLA2",
    "qs_pg:gn_id":677165,
    "qs_pg:gn_pop":1480,
    "qs_pg:name":"G\u00eernic",
    "qs_pg:name_adm0":"Rom\u00e2nia",
    "qs_pg:name_adm1":"Caras-Severin",
    "qs_pg:photos":59,
    "qs_pg:photos_1k":12,
    "qs_pg:photos_9k":1,
    "qs_pg:photos_9r":2,
    "qs_pg:photos_all":59,
    "qs_pg:photos_sr":2,
    "qs_pg:pop_sr":3,
    "qs_pg:qs_id":127602,
    "qs_pg:qs_pg_placetype":"locality",
    "qs_pg:qs_pg_placetype_gp":"Town",
    "qs_pg:woe_adm0":23424933,
    "qs_pg:woe_id":872933,
    "src:geom":"qs_pg",
    "src:lbl_centroid":"qs_pg",
    "src:population":"geonames",
    "woe:adm0_id":23424933,
    "woe:name_adm0":"Rom\u00e2nia",
    "woe:name_adm1":"Caras-Severin",
    "woe:placetype":"Town",
    "wof:belongsto":[
        102191581,
        85633745,
        85687627
    ],
    "wof:breaches":[],
    "wof:concordances":{
        "gn:id":677165,
        "gp:id":872933,
        "qs_pg:id":127602,
        "wd:id":"Q12724834"
    },
    "wof:country":"RO",
    "wof:created":1497296915,
    "wof:geomhash":"296ad566d67c1b2e39b3fe11d5940d4c",
    "wof:hierarchy":[
        {
            "continent_id":102191581,
            "country_id":85633745,
            "locality_id":1125934379,
            "region_id":85687627
        }
    ],
    "wof:id":1125934379,
    "wof:lang_x_official":[
        "ron"
    ],
    "wof:lang_x_spoken":[
        "ron"
    ],
    "wof:lastmodified":1690858311,
    "wof:name":"G\u00eernic",
    "wof:parent_id":85687627,
    "wof:placetype":"locality",
    "wof:population":1480,
    "wof:population_rank":3,
    "wof:repo":"whosonfirst-data-admin-ro",
    "wof:superseded_by":[],
    "wof:supersedes":[],
    "wof:tags":[]
},
  "bbox": [
    21.79444,
    44.78639,
    21.79444,
    44.78639
],
  "geometry": {"coordinates":[21.79444,44.78639],"type":"Point"}
}

جيرنيك

Gârnic

Gerník

Гирник

Szörénybuzás

Гарник

Гирнік

Gîrnic

România
