{
  "id": 1125938573,
  "type": "Feature",
  "properties": {
    "edtf:cessation":"uuuu",
    "edtf:inception":"uuuu",
    "geom:area":0.0,
    "geom:area_square_m":0.0,
    "geom:bbox":"-71.51656,18.87309,-71.51656,18.87309",
    "geom:latitude":18.87309,
    "geom:longitude":-71.51656,
    "gn:country":"DO",
    "gn:fcode":"PPL",
    "gn:population":21802,
    "iso:country":"DO",
    "lbl:bbox":"-71.53656,18.85309,-71.49656,18.89309",
    "lbl:latitude":18.87309,
    "lbl:longitude":-71.51656,
    "lbl:max_zoom":14.0,
    "lbl:min_zoom":10.0,
    "mz:hierarchy_label":1,
    "mz:is_current":1,
    "mz:min_zoom":9.0,
    "mz:note":"Quattroshapes Point Gazetteer import 20170519",
    "name:eng_x_preferred":[
        "Las Matas de Farf\u00e1n"
    ],
    "name:fra_x_preferred":[
        "Las Matas de Farf\u00e1n"
    ],
    "name:ita_x_preferred":[
        "Las Matas de Farf\u00e1n"
    ],
    "name:jpn_x_preferred":[
        "\u30e9\u30b9\u30fb\u30de\u30bf\u30b9\u30fb\u30c7\u30fb\u30d5\u30a1\u30eb\u30d5\u30a1\u30f3"
    ],
    "name:nan_x_preferred":[
        "Las Matas de Farf\u00e1n"
    ],
    "name:nld_x_preferred":[
        "Las Matas de Farf\u00e1n"
    ],
    "name:por_x_preferred":[
        "Las Matas de Farf\u00e1n"
    ],
    "name:rus_x_preferred":[
        "\u041b\u0430\u0441-\u041c\u0430\u0442\u0430\u0441-\u0434\u0435-\u0424\u0430\u0440\u0444\u0430\u043d"
    ],
    "name:spa_x_preferred":[
        "Las Matas de Farf\u00e1n"
    ],
    "name:swe_x_preferred":[
        "Las Matas de Farf\u00e1n"
    ],
    "name:und_x_variant":[
        "Matas de Farfan"
    ],
    "name:zho_x_preferred":[
        "\u62c9\u65af\u99ac\u5854\u65af\u5fb7\u6cd5\u723e\u51e1"
    ],
    "qs_pg:aaroncc":"DO",
    "qs_pg:gn_country":"DO",
    "qs_pg:gn_fcode":"PPL",
    "qs_pg:gn_id":3500370,
    "qs_pg:gn_pop":21802,
    "qs_pg:name":"Las Matas de Farf\u00e1n",
    "qs_pg:photos_9r":0,
    "qs_pg:photos_sr":0,
    "qs_pg:pop_sr":7,
    "qs_pg:qs_id":1045350,
    "qs_pg:qs_pg_placetype":"locality",
    "src:geom":"qs_pg",
    "src:lbl_centroid":"qs_pg",
    "src:population":"geonames",
    "wof:belongsto":[
        102191575,
        85632713,
        85670549,
        890429267
    ],
    "wof:breaches":[],
    "wof:concordances":{
        "gn:id":3500370,
        "qs_pg:id":1045350,
        "wd:id":"Q3827246"
    },
    "wof:country":"DO",
    "wof:created":1497297044,
    "wof:geomhash":"a5d6035b8d061da82cddecc86e80c7b2",
    "wof:hierarchy":[
        {
            "continent_id":102191575,
            "country_id":85632713,
            "county_id":890429267,
            "locality_id":1125938573,
            "region_id":85670549
        }
    ],
    "wof:id":1125938573,
    "wof:lastmodified":1566582361,
    "wof:name":"Las Matas de Farf\u00e1n",
    "wof:parent_id":890429267,
    "wof:placetype":"locality",
    "wof:population":21802,
    "wof:population_rank":7,
    "wof:repo":"whosonfirst-data-admin-do",
    "wof:superseded_by":[],
    "wof:supersedes":[],
    "wof:tags":[]
},
  "bbox": [
    -71.51656,
    18.87309,
    -71.51656,
    18.87309
],
  "geometry": {"coordinates":[-71.51656,18.87309],"type":"Point"}
}

Las Matas de Farfán

ラス・マタス・デ・ファルファン

Лас-Матас-де-Фарфан

拉斯馬塔斯德法爾凡
