{
  "id": 1125943687,
  "type": "Feature",
  "properties": {
    "edtf:cessation":"uuuu",
    "edtf:inception":"uuuu",
    "geom:area":0.001777,
    "geom:area_square_m":14778674.252431,
    "geom:bbox":"0.267512,47.696947,0.322526,47.74823",
    "geom:latitude":47.719764,
    "geom:longitude":0.298179,
    "gn:gn_country":"FR",
    "gn:gn_fcode":"PPL",
    "gn:gn_pop":662,
    "gn:population":662,
    "iso:country":"FR",
    "lbl:latitude":47.733,
    "lbl:longitude":0.29534,
    "mz:hierarchy_label":1,
    "mz:is_current":1,
    "mz:note":"Quattroshapes Point Gazetteer import 20170519",
    "name:afr_x_preferred":[
        "Verneil-le-Ch\u00e9tif"
    ],
    "name:arg_x_preferred":[
        "Verneil-le-Ch\u00e9tif"
    ],
    "name:ast_x_preferred":[
        "Verneil-le-Ch\u00e9tif"
    ],
    "name:bam_x_preferred":[
        "Verneil-le-Ch\u00e9tif"
    ],
    "name:bar_x_preferred":[
        "Verneil-le-Ch\u00e9tif"
    ],
    "name:bre_x_preferred":[
        "Verneil-le-Ch\u00e9tif"
    ],
    "name:cat_x_preferred":[
        "Verneil-le-Ch\u00e9tif"
    ],
    "name:ceb_x_preferred":[
        "Verneil-le-Ch\u00e9tif"
    ],
    "name:ces_x_preferred":[
        "Verneil-le-Ch\u00e9tif"
    ],
    "name:che_x_preferred":[
        "\u0412\u0435\u0433\u04c0\u043d\u0435\u0439-\u043b\u0435-\u0428\u0435\u0442\u0438\u0444"
    ],
    "name:cos_x_preferred":[
        "Verneil-le-Ch\u00e9tif"
    ],
    "name:cym_x_preferred":[
        "Verneil-le-Ch\u00e9tif"
    ],
    "name:dan_x_preferred":[
        "Verneil-le-Ch\u00e9tif"
    ],
    "name:deu_x_preferred":[
        "Verneil-le-Ch\u00e9tif"
    ],
    "name:diq_x_preferred":[
        "Verneil-le-Ch\u00e9tif"
    ],
    "name:eng_x_preferred":[
        "Verneil-le-Ch\u00e9tif"
    ],
    "name:epo_x_preferred":[
        "Verneil-le-Ch\u00e9tif"
    ],
    "name:est_x_preferred":[
        "Verneil-le-Ch\u00e9tif"
    ],
    "name:eus_x_preferred":[
        "Verneil-le-Ch\u00e9tif"
    ],
    "name:fao_x_preferred":[
        "Verneil-le-Ch\u00e9tif"
    ],
    "name:fas_x_preferred":[
        "\u0648\u0631\u0646\u06cc\u0644 \u0644\u0647 \u0686\u062a\u06cc\u0641"
    ],
    "name:fin_x_preferred":[
        "Verneil-le-Ch\u00e9tif"
    ],
    "name:fra_x_preferred":[
        "Verneil-le-Ch\u00e9tif"
    ],
    "name:frc_x_preferred":[
        "Verneil-le-Ch\u00e9tif"
    ],
    "name:frp_x_preferred":[
        "Verneil-le-Ch\u00e9tif"
    ],
    "name:fur_x_preferred":[
        "Verneil-le-Ch\u00e9tif"
    ],
    "name:gla_x_preferred":[
        "Verneil-le-Ch\u00e9tif"
    ],
    "name:gle_x_preferred":[
        "Verneil-le-Ch\u00e9tif"
    ],
    "name:glg_x_preferred":[
        "Verneil-le-Ch\u00e9tif"
    ],
    "name:gsw_x_preferred":[
        "Verneil-le-Ch\u00e9tif"
    ],
    "name:hrv_x_preferred":[
        "Verneil-le-Ch\u00e9tif"
    ],
    "name:hun_x_preferred":[
        "Verneil-le-Ch\u00e9tif"
    ],
    "name:ido_x_preferred":[
        "Verneil-le-Ch\u00e9tif"
    ],
    "name:ile_x_preferred":[
        "Verneil-le-Ch\u00e9tif"
    ],
    "name:ina_x_preferred":[
        "Verneil-le-Ch\u00e9tif"
    ],
    "name:ind_x_preferred":[
        "Verneil-le-Ch\u00e9tif"
    ],
    "name:isl_x_preferred":[
        "Verneil-le-Ch\u00e9tif"
    ],
    "name:ita_x_preferred":[
        "Verneil-le-Ch\u00e9tif"
    ],
    "name:jam_x_preferred":[
        "Verneil-le-Ch\u00e9tif"
    ],
    "name:kab_x_preferred":[
        "Verneil-le-Ch\u00e9tif"
    ],
    "name:kal_x_preferred":[
        "Verneil-le-Ch\u00e9tif"
    ],
    "name:kon_x_preferred":[
        "Verneil-le-Ch\u00e9tif"
    ],
    "name:lat_x_preferred":[
        "Verneil-le-Ch\u00e9tif"
    ],
    "name:lav_x_preferred":[
        "Verneil-le-Ch\u00e9tif"
    ],
    "name:lij_x_preferred":[
        "Verneil-le-Ch\u00e9tif"
    ],
    "name:lim_x_preferred":[
        "Verneil-le-Ch\u00e9tif"
    ],
    "name:lit_x_preferred":[
        "Verneil-le-Ch\u00e9tif"
    ],
    "name:lld_x_preferred":[
        "Verneil-le-Ch\u00e9tif"
    ],
    "name:ltz_x_preferred":[
        "Verneil-le-Ch\u00e9tif"
    ],
    "name:min_x_preferred":[
        "Verneil-le-Ch\u00e9tif"
    ],
    "name:mlg_x_preferred":[
        "Verneil-le-Ch\u00e9tif"
    ],
    "name:msa_x_preferred":[
        "Verneil-le-Ch\u00e9tif"
    ],
    "name:nan_x_preferred":[
        "Verneil-le-Ch\u00e9tif"
    ],
    "name:nap_x_preferred":[
        "Verneil-le-Ch\u00e9tif"
    ],
    "name:nds_x_preferred":[
        "Verneil-le-Ch\u00e9tif"
    ],
    "name:nld_x_preferred":[
        "Verneil-le-Ch\u00e9tif"
    ],
    "name:nno_x_preferred":[
        "Verneil-le-Ch\u00e9tif"
    ],
    "name:nob_x_preferred":[
        "Verneil-le-Ch\u00e9tif"
    ],
    "name:nrm_x_preferred":[
        "Verneil-le-Ch\u00e9tif"
    ],
    "name:oci_x_preferred":[
        "Verneil-le-Ch\u00e9tif"
    ],
    "name:pap_x_preferred":[
        "Verneil-le-Ch\u00e9tif"
    ],
    "name:pcd_x_preferred":[
        "Verneil-le-Ch\u00e9tif"
    ],
    "name:pms_x_preferred":[
        "Verneil-le-Ch\u00e9tif"
    ],
    "name:pol_x_preferred":[
        "Verneil-le-Ch\u00e9tif"
    ],
    "name:por_x_preferred":[
        "Verneil-le-Ch\u00e9tif"
    ],
    "name:prg_x_preferred":[
        "Verneil-le-Ch\u00e9tif"
    ],
    "name:rgn_x_preferred":[
        "Verneil-le-Ch\u00e9tif"
    ],
    "name:roh_x_preferred":[
        "Verneil-le-Ch\u00e9tif"
    ],
    "name:ron_x_preferred":[
        "Verneil-le-Ch\u00e9tif"
    ],
    "name:scn_x_preferred":[
        "Verneil-le-Ch\u00e9tif"
    ],
    "name:sco_x_preferred":[
        "Verneil-le-Ch\u00e9tif"
    ],
    "name:slk_x_preferred":[
        "Verneil-le-Ch\u00e9tif"
    ],
    "name:spa_x_preferred":[
        "Verneil-le-Ch\u00e9tif"
    ],
    "name:srd_x_preferred":[
        "Verneil-le-Ch\u00e9tif"
    ],
    "name:swa_x_preferred":[
        "Verneil-le-Ch\u00e9tif"
    ],
    "name:swe_x_preferred":[
        "Verneil-le-Ch\u00e9tif"
    ],
    "name:tat_x_preferred":[
        "\u0412\u0435\u0440\u043d\u0435\u0439-\u043b\u0435-\u0428\u0435\u0442\u0438\u0444"
    ],
    "name:tur_x_preferred":[
        "Verneil-le-Ch\u00e9tif"
    ],
    "name:ukr_x_preferred":[
        "\u0412\u0435\u0440\u043d\u0435\u0439-\u043b\u0435-\u0428\u0435\u0442\u0456\u0444"
    ],
    "name:unk_x_variant":[
        "Verneil"
    ],
    "name:vec_x_preferred":[
        "Verneil-le-Ch\u00e9tif"
    ],
    "name:vie_x_preferred":[
        "Verneil-le-Ch\u00e9tif"
    ],
    "name:vls_x_preferred":[
        "Verneil-le-Ch\u00e9tif"
    ],
    "name:vmf_x_preferred":[
        "Verneil-le-Ch\u00e9tif"
    ],
    "name:vol_x_preferred":[
        "Verneil-le-Ch\u00e9tif"
    ],
    "name:war_x_preferred":[
        "Verneil-le-Ch\u00e9tif"
    ],
    "name:wln_x_preferred":[
        "Verneil-le-Ch\u00e9tif"
    ],
    "name:wol_x_preferred":[
        "Verneil-le-Ch\u00e9tif"
    ],
    "name:zho_x_preferred":[
        "\u97e6\u5c14\u5185\u4f0a\u52d2\u8c22\u8482\u592b"
    ],
    "name:zul_x_preferred":[
        "Verneil-le-Ch\u00e9tif"
    ],
    "qs_pg:aaroncc":"FR",
    "qs_pg:gn_country":"FR",
    "qs_pg:gn_fcode":"PPL",
    "qs_pg:gn_id":2969828,
    "qs_pg:gn_pop":662,
    "qs_pg:name":"Verneil-le-Ch\u00e9tif",
    "qs_pg:name_adm0":"France",
    "qs_pg:name_adm1":"Pays de la Loire",
    "qs_pg:photos_9r":0,
    "qs_pg:photos_sr":0,
    "qs_pg:pop_sr":2,
    "qs_pg:qs_id":1233300,
    "qs_pg:qs_pg_placetype":"locality",
    "qs_pg:qs_pg_placetype_gp":"Town",
    "qs_pg:woe_adm0":23424819,
    "qs_pg:woe_id":630778,
    "src:geom":"frgov",
    "src:geom_alt":[
        "qs_pg"
    ],
    "src:lbl:centroid":"qs_pg",
    "src:population":"geonames",
    "woe:adm0_id":23424819,
    "woe:name_adm0":"France",
    "woe:name_adm1":"Pays de la Loire",
    "woe:placetype":"Town",
    "wof:belongsto":[
        85683279,
        102191581,
        85633147,
        404415131,
        404227743,
        404227423,
        102068553
    ],
    "wof:breaches":[],
    "wof:concordances":{
        "gn:id":2969828,
        "gp:id":630778,
        "qs_pg:id":1233300,
        "wd:id":"Q643769"
    },
    "wof:coterminous":[
        404415131
    ],
    "wof:country":"FR",
    "wof:created":1497297202,
    "wof:geom_alt":[
        "qs_pg"
    ],
    "wof:geomhash":"e76a9c7dafa647157d0c0ebb961ef105",
    "wof:hierarchy":[
        {
            "continent_id":102191581,
            "country_id":85633147,
            "county_id":102068553,
            "localadmin_id":404415131,
            "locality_id":1125943687,
            "macrocounty_id":404227743,
            "macroregion_id":404227423,
            "region_id":85683279
        }
    ],
    "wof:id":1125943687,
    "wof:lastmodified":1690900851,
    "wof:name":"Verneil-le-Ch\u00e9tif",
    "wof:parent_id":404415131,
    "wof:placetype":"locality",
    "wof:population":662,
    "wof:population_rank":2,
    "wof:repo":"whosonfirst-data-admin-fr",
    "wof:superseded_by":[],
    "wof:supersedes":[],
    "wof:tags":[]
},
  "bbox": [
    0.267512,
    47.696947,
    0.322526,
    47.74823
],
  "geometry": {"coordinates":[[[0.29205,47.700556],[0.292043,47.700691],[0.291834,47.700866],[0.273946,47.705007],[0.273541,47.705088],[0.273212,47.704999],[0.27255,47.704894],[0.271074,47.705319],[0.269414,47.70673],[0.269143,47.707084],[0.268095,47.708005],[0.267823,47.708368],[0.267719,47.709347],[0.267541,47.710469],[0.267645,47.711056],[0.26769,47.711733],[0.267535,47.712405],[0.267512,47.712854],[0.268709,47.714765],[0.26935,47.715275],[0.270129,47.715689],[0.271043,47.716341],[0.271281,47.716923],[0.27162,47.718642],[0.27035,47.720243],[0.270211,47.7206],[0.270409,47.720649],[0.270471,47.720741],[0.269477,47.722159],[0.269804,47.722301],[0.271068,47.722637],[0.274781,47.723111],[0.276424,47.72359],[0.277804,47.724289],[0.27871,47.724841],[0.279954,47.725312],[0.281089,47.725554],[0.28244,47.729944],[0.282807,47.731124],[0.283453,47.731535],[0.284235,47.731913],[0.286183,47.733246],[0.286769,47.73353],[0.286845,47.733622],[0.287362,47.733949],[0.287222,47.734081],[0.289296,47.735552],[0.289606,47.73628],[0.289719,47.736687],[0.29226,47.738169],[0.292591,47.738492],[0.292784,47.738632],[0.292975,47.738816],[0.294336,47.739874],[0.295385,47.74025],[0.296839,47.740544],[0.297356,47.740872],[0.2978,47.741593],[0.298444,47.742059],[0.299994,47.743616],[0.300972,47.74408],[0.302462,47.745231],[0.303046,47.74583],[0.303288,47.746322],[0.305729,47.74718],[0.307442,47.747615],[0.308949,47.748181],[0.309481,47.74823],[0.313165,47.746135],[0.313586,47.745739],[0.313749,47.744887],[0.313417,47.742998],[0.314023,47.739454],[0.314502,47.738961],[0.315396,47.738441],[0.316748,47.737833],[0.317235,47.737439],[0.319141,47.734591],[0.319364,47.733876],[0.319829,47.730465],[0.320444,47.728317],[0.320717,47.726342],[0.320595,47.726114],[0.320676,47.722379],[0.321689,47.720286],[0.321861,47.719254],[0.3221,47.718224],[0.322001,47.717276],[0.32201,47.716826],[0.322526,47.715847],[0.32246,47.715575],[0.320905,47.714378],[0.320646,47.714237],[0.319282,47.713224],[0.318723,47.71241],[0.317512,47.709149],[0.317404,47.708381],[0.317714,47.705416],[0.318147,47.702904],[0.317032,47.702528],[0.315904,47.702412],[0.31161,47.701304],[0.310461,47.700026],[0.310361,47.699889],[0.310146,47.699659],[0.308326,47.698194],[0.308068,47.698008],[0.308013,47.697781],[0.300312,47.697063],[0.299184,47.696947],[0.298506,47.697166],[0.297561,47.697639],[0.296708,47.697358],[0.296238,47.697167],[0.293008,47.69983],[0.292186,47.700514],[0.29205,47.700556]]],"type":"Polygon"}
}

Verneil-le-Chétif

ВегӀней-ле-Шетиф

ورنیل له چتیف

Верней-ле-Шетиф

Верней-ле-Шетіф

韦尔内伊勒谢蒂夫
