{
  "id": 1125984547,
  "type": "Feature",
  "properties": {
    "edtf:cessation":"uuuu",
    "edtf:inception":"uuuu",
    "geom:area":0.0,
    "geom:area_square_m":0.0,
    "geom:bbox":"-2.3305,37.54169,-2.3305,37.54169",
    "geom:latitude":37.54169,
    "geom:longitude":-2.3305,
    "gn:country":"ES",
    "gn:fcode":"PPL",
    "gn:population":0,
    "iso:country":"ES",
    "lbl:bbox":"-2.3505,37.52169,-2.3105,37.56169",
    "lbl:latitude":37.54169,
    "lbl:longitude":-2.3305,
    "lbl:max_zoom":18.0,
    "lbl:min_zoom":13.5,
    "mz:hierarchy_label":1,
    "mz:is_current":-1,
    "mz:min_zoom":12.0,
    "mz:note":"Quattroshapes Point Gazetteer import 20170519",
    "name:bre_x_preferred":[
        "Los \u00c1lamos"
    ],
    "name:ceb_x_preferred":[
        "Los Alamos"
    ],
    "name:eus_x_preferred":[
        "Los \u00c1lamos"
    ],
    "name:fas_x_preferred":[
        "\u0644\u0633 \u0622\u0644\u0627\u0645\u0633"
    ],
    "name:fra_x_preferred":[
        "Los \u00c1lamos"
    ],
    "name:ita_x_preferred":[
        "Los \u00c1lamos"
    ],
    "name:kor_x_preferred":[
        "\ub85c\uc2a4\uc54c\ub77c\ubaa8\uc2a4"
    ],
    "name:nld_x_preferred":[
        "Los \u00c1lamos"
    ],
    "name:oci_x_preferred":[
        "Los \u00c1lamos"
    ],
    "name:por_x_preferred":[
        "Los \u00c1lamos"
    ],
    "name:ron_x_preferred":[
        "Los \u00c1lamos"
    ],
    "name:rus_x_preferred":[
        "\u041b\u043e\u0441-\u0410\u043b\u0430\u043c\u043e\u0441"
    ],
    "name:spa_x_preferred":[
        "Los \u00c1lamos"
    ],
    "name:swe_x_preferred":[
        "Los Alamos"
    ],
    "name:und_x_variant":[
        "Caser\u00edo Los Alamos"
    ],
    "name:zho_x_preferred":[
        "\u6d1b\u65af\u963f\u62c9\u83ab\u65af"
    ],
    "qs_pg:aaroncc":"ES",
    "qs_pg:gn_country":"ES",
    "qs_pg:gn_fcode":"PPL",
    "qs_pg:gn_id":2514873,
    "qs_pg:gn_pop":0,
    "qs_pg:name":"Los \u00c1lamos",
    "qs_pg:name_adm0":"Espa\u00f1a",
    "qs_pg:name_adm1":"Andaluc\u00eda",
    "qs_pg:photos_9r":0,
    "qs_pg:photos_sr":0,
    "qs_pg:pop_sr":0,
    "qs_pg:qs_id":1157177,
    "qs_pg:qs_pg_placetype":"locality",
    "qs_pg:qs_pg_placetype_gp":"Town",
    "qs_pg:woe_adm0":23424950,
    "qs_pg:woe_id":765559,
    "src:geom":"qs_pg",
    "src:lbl_centroid":"qs_pg",
    "woe:adm0_id":23424950,
    "woe:name_adm0":"Espa\u00f1a",
    "woe:name_adm1":"Andaluc\u00eda",
    "woe:placetype":"Town",
    "wof:belongsto":[
        85682631,
        102191581,
        404329717,
        85633129,
        404227361
    ],
    "wof:breaches":[],
    "wof:concordances":{
        "gn:id":2514873,
        "gp:id":765559,
        "qs_pg:id":1157177
    },
    "wof:country":"ES",
    "wof:created":1497298740,
    "wof:geomhash":"657247d1edc3520f4aa263bb1cb56b2b",
    "wof:hierarchy":[
        {
            "continent_id":102191581,
            "country_id":85633129,
            "localadmin_id":404329717,
            "locality_id":1125984547,
            "macroregion_id":404227361,
            "region_id":85682631
        }
    ],
    "wof:id":1125984547,
    "wof:lastmodified":1566591906,
    "wof:name":"Los \u00c1lamos",
    "wof:parent_id":404329717,
    "wof:placetype":"locality",
    "wof:repo":"whosonfirst-data-admin-es",
    "wof:superseded_by":[],
    "wof:supersedes":[],
    "wof:tags":[]
},
  "bbox": [
    -2.3305,
    37.54169,
    -2.3305,
    37.54169
],
  "geometry": {"coordinates":[-2.3305,37.54169],"type":"Point"}
}

Los Álamos

لس آلامس

로스알라모스

Лос-Аламос

Caserío Los Alamos

洛斯阿拉莫斯

España

Andalucía
