{
  "id": 1126040729,
  "type": "Feature",
  "properties": {
    "edtf:cessation":"uuuu",
    "edtf:inception":"uuuu",
    "geom:area":0.0,
    "geom:area_square_m":0.0,
    "geom:bbox":"11.83333,58.30833,11.83333,58.30833",
    "geom:latitude":58.30833,
    "geom:longitude":11.83333,
    "gn:country":"SE",
    "gn:fcode":"PPL",
    "gn:population":494,
    "iso:country":"SE",
    "lbl:bbox":"11.81333,58.28833,11.85333,58.32833",
    "lbl:latitude":58.30833,
    "lbl:longitude":11.83333,
    "lbl:max_zoom":17.0,
    "lbl:min_zoom":12.5,
    "mz:hierarchy_label":1,
    "mz:is_current":1,
    "mz:min_zoom":11.0,
    "mz:note":"Quattroshapes Point Gazetteer import 20170519",
    "name:ceb_x_preferred":[
        "Ammen\u00e4s"
    ],
    "name:dan_x_preferred":[
        "Ammen\u00e4s"
    ],
    "name:deu_x_preferred":[
        "Ammen\u00e4s"
    ],
    "name:eng_x_preferred":[
        "Ammen\u00e4s"
    ],
    "name:fas_x_preferred":[
        "\u0627\u0645\u0646\u0627\u0633"
    ],
    "name:fra_x_preferred":[
        "Ammen\u00e4s"
    ],
    "name:gle_x_preferred":[
        "Ammen\u00e4s"
    ],
    "name:ita_x_preferred":[
        "Ammen\u00e4s"
    ],
    "name:lld_x_preferred":[
        "Ammen\u00e4s"
    ],
    "name:nan_x_preferred":[
        "Ammen\u00e4s"
    ],
    "name:nld_x_preferred":[
        "Ammen\u00e4s"
    ],
    "name:nno_x_preferred":[
        "Ammen\u00e4s"
    ],
    "name:nob_x_preferred":[
        "Ammen\u00e4s"
    ],
    "name:pol_x_preferred":[
        "Ammen\u00e4s"
    ],
    "name:swe_x_preferred":[
        "Ammen\u00e4s"
    ],
    "name:tgl_x_preferred":[
        "Ammen\u00e4s"
    ],
    "qs_pg:aaroncc":"SE",
    "qs_pg:gn_country":"SE",
    "qs_pg:gn_fcode":"PPL",
    "qs_pg:gn_id":3332866,
    "qs_pg:gn_pop":494,
    "qs_pg:name":"Ammenas",
    "qs_pg:name_adm0":"Sverige",
    "qs_pg:name_adm1":"V\u00e4stra G\u00f6talands L\u00e4n",
    "qs_pg:photos_9k":1,
    "qs_pg:photos_9r":1,
    "qs_pg:photos_all":16,
    "qs_pg:photos_sr":0,
    "qs_pg:pop_sr":2,
    "qs_pg:qs_id":263652,
    "qs_pg:qs_pg_placetype":"locality",
    "qs_pg:qs_pg_placetype_gp":"Town",
    "qs_pg:woe_adm0":23424954,
    "qs_pg:woe_id":15002505,
    "src:geom":"qs_pg",
    "src:lbl_centroid":"qs_pg",
    "src:population":"geonames",
    "woe:adm0_id":23424954,
    "woe:name_adm0":"Sverige",
    "woe:name_adm1":"V\u00e4stra G\u00f6talands L\u00e4n",
    "woe:placetype":"Town",
    "wof:belongsto":[
        85688411,
        102191581,
        1125373895,
        85633789,
        1159303355
    ],
    "wof:breaches":[],
    "wof:concordances":{
        "gn:id":3332866,
        "gp:id":15002505,
        "qs_pg:id":263652,
        "wd:id":"Q2684247"
    },
    "wof:country":"SE",
    "wof:created":1497302142,
    "wof:geomhash":"35d672b9bf8c92bd7aba7ec730ad355b",
    "wof:hierarchy":[
        {
            "continent_id":102191581,
            "country_id":85633789,
            "county_id":1159303355,
            "localadmin_id":1125373895,
            "locality_id":1126040729,
            "region_id":85688411
        }
    ],
    "wof:id":1126040729,
    "wof:lastmodified":1690863294,
    "wof:name":"Ammenas",
    "wof:parent_id":1125373895,
    "wof:placetype":"locality",
    "wof:population":563,
    "wof:population_rank":2,
    "wof:repo":"whosonfirst-data-admin-se",
    "wof:superseded_by":[],
    "wof:supersedes":[],
    "wof:tags":[]
},
  "bbox": [
    11.83333,
    58.30833,
    11.83333,
    58.30833
],
  "geometry": {"coordinates":[11.83333,58.30833],"type":"Point"}
}

Ammenäs

امناس

Västra Götalands Län
