{
  "id": 1126053907,
  "type": "Feature",
  "properties": {
    "edtf:cessation":"uuuu",
    "edtf:inception":"uuuu",
    "geom:area":0.0,
    "geom:area_square_m":0.0,
    "geom:bbox":"-0.41667,40.03333,-0.41667,40.03333",
    "geom:latitude":40.03333,
    "geom:longitude":-0.41667,
    "gn:country":"ES",
    "gn:fcode":"PPLA3",
    "gn:population":96,
    "iso:country":"ES",
    "lbl:bbox":"-0.43667,40.01333,-0.39667,40.05333",
    "lbl:latitude":40.03333,
    "lbl:longitude":-0.41667,
    "lbl:max_zoom":18.0,
    "lbl:min_zoom":13.0,
    "mz:hierarchy_label":1,
    "mz:is_current":1,
    "mz:min_zoom":11.0,
    "mz:note":"Quattroshapes Point Gazetteer import 20170519",
    "name:ara_x_preferred":[
        "\u0641\u0648\u064a\u0646\u062a\u064a\u0633 \u062f\u064a \u0623\u064a\u0648\u062f\u0627\u0631"
    ],
    "name:arg_x_preferred":[
        "Fuents d'Ay\u00f3dar"
    ],
    "name:arz_x_preferred":[
        "\u0641\u0648\u064a\u0646\u062a\u064a\u0633 \u062f\u0649 \u0627\u064a\u0648\u062f\u0627\u0631"
    ],
    "name:cat_x_preferred":[
        "les Fonts d'Ai\u00f2der"
    ],
    "name:che_x_preferred":[
        "\u0424\u0443\u044d\u043d\u0442\u0435\u0441-\u0434\u0435-\u0410\u0439\u043e\u0434\u0430\u0440"
    ],
    "name:eng_x_preferred":[
        "Fuentes de Ay\u00f3dar"
    ],
    "name:eus_x_preferred":[
        "Fuentes de Ay\u00f3dar"
    ],
    "name:fra_x_preferred":[
        "Fuentes de Ay\u00f3dar"
    ],
    "name:hun_x_preferred":[
        "Fuentes de Ay\u00f3dar"
    ],
    "name:ita_x_preferred":[
        "Fuentes de Ay\u00f3dar"
    ],
    "name:kat_x_preferred":[
        "\u10e4\u10e3\u10d4\u10dc\u10e2\u10d4\u10e1-\u10d3\u10d4-\u10d0\u10d8\u10dd\u10d3\u10d0\u10e0\u10d8"
    ],
    "name:msa_x_preferred":[
        "Fuentes de Ay\u00f3dar"
    ],
    "name:nan_x_preferred":[
        "Fuentes de Ay\u00f3dar"
    ],
    "name:nld_x_preferred":[
        "Fuentes de Ay\u00f3dar"
    ],
    "name:oci_x_preferred":[
        "Fuentes de Ay\u00f3dar"
    ],
    "name:pol_x_preferred":[
        "Fuentes de Ay\u00f3dar"
    ],
    "name:por_x_preferred":[
        "Fuentes de Ay\u00f3dar"
    ],
    "name:rus_x_preferred":[
        "\u0424\u0443\u044d\u043d\u0442\u0435\u0441-\u0434\u0435-\u0410\u0439\u043e\u0434\u0430\u0440"
    ],
    "name:spa_x_preferred":[
        "Fuentes de Ay\u00f3dar"
    ],
    "name:swe_x_preferred":[
        "Fuentes de Ay\u00f3dar"
    ],
    "name:tat_x_preferred":[
        "\u0424\u0443\u044d\u043d\u0442\u0435\u0441-\u0434\u0435-\u0410\u0439\u043e\u0434\u0430\u0440"
    ],
    "name:ukr_x_preferred":[
        "\u0424\u0443\u0435\u043d\u0442\u0435\u0441-\u0434\u0435-\u0410\u0439\u043e\u0434\u0430\u0440"
    ],
    "name:uzb_x_preferred":[
        "Fuentes de Ay\u00f3dar"
    ],
    "name:vie_x_preferred":[
        "Fuentes de Ay\u00f3dar"
    ],
    "name:war_x_preferred":[
        "Fuentes de Ay\u00f3dar"
    ],
    "name:zho_x_preferred":[
        "\u4e30\u7279\u65af\u5fb7\u4e9a\u7ea6\u8fbe\u5c14"
    ],
    "qs_pg:aaroncc":"ES",
    "qs_pg:gn_country":"ES",
    "qs_pg:gn_fcode":"PPLA3",
    "qs_pg:gn_id":3121855,
    "qs_pg:gn_pop":96,
    "qs_pg:name":"Fuentes de Ay\u00f3dar",
    "qs_pg:name_adm0":"Espa\u00f1a",
    "qs_pg:name_adm1":"Comunitat Valenciana",
    "qs_pg:photos":22,
    "qs_pg:photos_1k":4,
    "qs_pg:photos_9k":1,
    "qs_pg:photos_9r":1,
    "qs_pg:photos_all":22,
    "qs_pg:photos_sr":1,
    "qs_pg:pop_sr":1,
    "qs_pg:qs_id":496777,
    "qs_pg:qs_pg_placetype":"locality",
    "qs_pg:qs_pg_placetype_gp":"Town",
    "qs_pg:woe_adm0":23424950,
    "qs_pg:woe_id":761167,
    "src:geom":"qs_pg",
    "src:lbl_centroid":"qs_pg",
    "src:population":"geonames",
    "woe:adm0_id":23424950,
    "woe:name_adm0":"Espa\u00f1a",
    "woe:name_adm1":"Comunitat Valenciana",
    "woe:placetype":"Town",
    "wof:belongsto":[
        85682685,
        102191581,
        404333233,
        85633129,
        404227381
    ],
    "wof:breaches":[],
    "wof:concordances":{
        "gn:id":3121855,
        "gp:id":761167,
        "qs_pg:id":496777,
        "wd:id":"Q1768676"
    },
    "wof:country":"ES",
    "wof:created":1497302964,
    "wof:geomhash":"bfd3932c194eb22dc0f18f70b332e60e",
    "wof:hierarchy":[
        {
            "continent_id":102191581,
            "country_id":85633129,
            "localadmin_id":404333233,
            "locality_id":1126053907,
            "macroregion_id":404227381,
            "region_id":85682685
        }
    ],
    "wof:id":1126053907,
    "wof:lastmodified":1690878506,
    "wof:name":"Fuentes de Ay\u00f3dar",
    "wof:parent_id":404333233,
    "wof:placetype":"locality",
    "wof:population":96,
    "wof:population_rank":1,
    "wof:repo":"whosonfirst-data-admin-es",
    "wof:superseded_by":[],
    "wof:supersedes":[],
    "wof:tags":[]
},
  "bbox": [
    -0.41667,
    40.03333,
    -0.41667,
    40.03333
],
  "geometry": {"coordinates":[-0.41667,40.03333],"type":"Point"}
}

فوينتيس دي أيودار

Fuents d'Ayódar

فوينتيس دى ايودار

les Fonts d'Aiòder

Фуэнтес-де-Айодар

Fuentes de Ayódar

ფუენტეს-დე-აიოდარი

Фуентес-де-Айодар

丰特斯德亚约达尔

España
