{
  "id": 1209822763,
  "type": "Feature",
  "properties": {
    "edtf:cessation":"uuuu",
    "edtf:inception":"uuuu",
    "geom:area":0.0,
    "geom:area_square_m":0.0,
    "geom:bbox":"-50.8,1.75,-50.8,1.75",
    "geom:latitude":1.75,
    "geom:longitude":-50.8,
    "gn:admin1_code":"03",
    "gn:admin2_code":"1600550.0",
    "gn:asciiname":"Fazenda Oriacao da Regiao dos Lagos",
    "gn:country_code":"BR",
    "gn:dem":16,
    "gn:feature_class":"P",
    "gn:feature_code":"PPL",
    "gn:geonameid":3400006,
    "gn:latitude":1.75,
    "gn:longitude":-50.8,
    "gn:modification_date":"2012-08-03",
    "gn:name":"Fazenda Oria\u00e7\u00e3o da Regi\u00e3o dos Lagos",
    "gn:population":0,
    "gn:timezone":"America/Belem",
    "iso:country":"BR",
    "lbl:bbox":"-50.82,1.73,-50.78,1.77",
    "lbl:max_zoom":18.0,
    "lbl:min_zoom":13.5,
    "mz:hierarchy_label":1,
    "mz:is_current":-1,
    "mz:min_zoom":12.0,
    "src:geom":"geonames",
    "wof:belongsto":[
        85681891,
        102191577,
        85633009,
        1511777407,
        102050455
    ],
    "wof:breaches":[],
    "wof:concordances":{
        "gn:id":3400006
    },
    "wof:country":"BR",
    "wof:geomhash":"c20bdc4dcf93f7326964107f231ae40a",
    "wof:hierarchy":[
        {
            "continent_id":102191577,
            "country_id":85633009,
            "county_id":102050455,
            "locality_id":1209822763,
            "macroregion_id":1511777407,
            "region_id":85681891
        }
    ],
    "wof:id":1209822763,
    "wof:lastmodified":1577825856,
    "wof:name":"Fazenda Oriacao da Regiao dos Lagos",
    "wof:parent_id":102050455,
    "wof:placetype":"locality",
    "wof:repo":"whosonfirst-data-admin-br",
    "wof:superseded_by":[],
    "wof:supersedes":[],
    "wof:tags":[]
},
  "bbox": [
    -50.8,
    1.75,
    -50.8,
    1.75
],
  "geometry": {"coordinates":[-50.8,1.75],"type":"Point"}
}

Fazenda Oriação da Região dos Lagos
