{
  "id": 1393621579,
  "type": "Feature",
  "properties": {
    "edtf:cessation":"uuuu",
    "edtf:inception":"uuuu",
    "geom:area":0.0,
    "geom:area_square_m":0.0,
    "geom:bbox":"13.65581,51.34546,13.65581,51.34546",
    "geom:latitude":51.34546,
    "geom:longitude":13.65581,
    "gn:admin1_code":"13.0",
    "gn:admin2_code":"00",
    "gn:admin3_code":"14627.0",
    "gn:admin4_code":"14627110.0",
    "gn:asciiname":"Weissig am Raschuetz",
    "gn:country_code":"DE",
    "gn:dem":154,
    "gn:feature_class":"P",
    "gn:feature_code":"PPL",
    "gn:geonameid":2811717,
    "gn:latitude":51.34546,
    "gn:longitude":13.65581,
    "gn:modification_date":"2015-09-05",
    "gn:name":"Wei\u00dfig am Rasch\u00fctz",
    "gn:population":0,
    "gn:timezone":"Europe/Berlin",
    "iso:country":"DE",
    "lbl:bbox":"13.65081,51.34046,13.66081,51.35046",
    "lbl:max_zoom":18.0,
    "mz:hierarchy_label":1,
    "mz:is_current":-1,
    "mz:min_zoom":15.0,
    "name:bak_x_preferred":[
        "\u0412\u0430\u0439\u0441\u0438\u0433-\u0430\u043c-\u0420\u0430\u0448\u044e\u0446"
    ],
    "name:ceb_x_preferred":[
        "Wei\u00dfig am Rasch\u00fctz"
    ],
    "name:deu_x_preferred":[
        "Wei\u00dfig am Rasch\u00fctz"
    ],
    "name:epo_x_preferred":[
        "Wei\u00dfig am Rasch\u00fctz"
    ],
    "name:est_x_preferred":[
        "Wei\u00dfig am Rasch\u00fctzi vald"
    ],
    "name:fas_x_preferred":[
        "\u0648\u0627\u06cc\u0633\u06cc\u06af \u0627\u0645 \u0631\u0627\u0634\u0648\u062a\u0633"
    ],
    "name:fra_x_preferred":[
        "Wei\u00dfig am Rasch\u00fctz"
    ],
    "name:ita_x_preferred":[
        "Wei\u00dfig am Rasch\u00fctz"
    ],
    "name:mkd_x_preferred":[
        "\u0412\u0430\u0458\u0441\u0438\u0433 \u043d\u0430 \u0420\u0430\u0448\u0438\u0446"
    ],
    "name:nld_x_preferred":[
        "Wei\u00dfig am Rasch\u00fctz"
    ],
    "name:pol_x_preferred":[
        "Wei\u00dfig am Rasch\u00fctz"
    ],
    "name:ron_x_preferred":[
        "Wei\u00dfig am Rasch\u00fctz"
    ],
    "name:rus_x_preferred":[
        "\u0412\u0430\u0439\u0441\u0438\u0433-\u0430\u043c-\u0420\u0430\u0448\u044e\u0446"
    ],
    "name:srp_x_preferred":[
        "\u0412\u0430\u0458\u0441\u0438\u0433 \u0430\u043c \u0420\u0430\u0448\u0438\u0446"
    ],
    "name:ukr_x_preferred":[
        "\u0412\u0430\u0439\u0441\u0456\u0433-\u0430\u043c-\u0420\u0430\u0448\u044e\u0446"
    ],
    "name:uzb_x_preferred":[
        "Wei\u00dfig am Rasch\u00fctz"
    ],
    "name:vie_x_preferred":[
        "Wei\u00dfig am Rasch\u00fctz"
    ],
    "name:vol_x_preferred":[
        "Wei\u00dfig am Rasch\u00fctz"
    ],
    "name:war_x_preferred":[
        "Wei\u00dfig am Rasch\u00fctz"
    ],
    "src:geom":"geonames",
    "wof:belongsto":[
        102191581,
        1377687471,
        85633111,
        101822091,
        102064229,
        85682523
    ],
    "wof:breaches":[],
    "wof:concordances":{
        "gn:id":2811717,
        "wk:page":"Wei%C3%9Fig_am_Rasch%C3%BCtz"
    },
    "wof:country":"DE",
    "wof:geomhash":"b2f872c9ef3581de7c95cb84ae1b500b",
    "wof:hierarchy":[
        {
            "continent_id":102191581,
            "country_id":85633111,
            "county_id":102064229,
            "localadmin_id":1377687471,
            "locality_id":101822091,
            "neighbourhood_id":1393621579,
            "region_id":85682523
        }
    ],
    "wof:id":1393621579,
    "wof:lastmodified":1566713625,
    "wof:name":"Weissig am Raschuetz",
    "wof:parent_id":101822091,
    "wof:placetype":"neighbourhood",
    "wof:repo":"whosonfirst-data-admin-de",
    "wof:superseded_by":[],
    "wof:supersedes":[
        1260059321
    ],
    "wof:tags":[]
},
  "bbox": [
    13.65581,
    51.34546,
    13.65581,
    51.34546
],
  "geometry": {"coordinates":[13.65581,51.34546],"type":"Point"}
}

Weißig am Raschütz

Вайсиг-ам-Рашюц

Weißig am Raschützi vald

وایسیگ ام راشوتس

Вајсиг на Рашиц

Вајсиг ам Рашиц

Вайсіг-ам-Рашюц
