{
  "id": 85767173,
  "type": "Feature",
  "properties": {
    "edtf:cessation":"uuuu",
    "edtf:inception":"uuuu",
    "geom:area":0.0,
    "geom:area_square_m":0.0,
    "geom:bbox":"-48.635945,-26.980873,-48.635945,-26.980873",
    "geom:latitude":-26.980873,
    "geom:longitude":-48.635945,
    "gn:id":"",
    "iso:country":"BR",
    "lbl:bbox":"-48.640945,-26.985873,-48.630945,-26.975873",
    "lbl:latitude":-26.980873,
    "lbl:longitude":-48.635945,
    "lbl:max_zoom":18.0,
    "mps:latitude":-26.977656,
    "mps:longitude":-48.646889,
    "mz:hierarchy_label":0,
    "mz:is_current":-1,
    "mz:is_funky":0,
    "mz:is_hard_boundary":0,
    "mz:is_landuse_aoi":0,
    "mz:is_official":0,
    "mz:max_zoom":18.0,
    "mz:min_zoom":13.0,
    "mz:tier_locality":2,
    "name:cat_x_preferred":[
        "Parque das Na\u00e7\u00f5es"
    ],
    "name:deu_x_preferred":[
        "Parque das Na\u00e7\u00f5es"
    ],
    "name:eus_x_preferred":[
        "Parque das Na\u00e7\u00f5es"
    ],
    "name:fra_x_preferred":[
        "Parque das Na\u00e7\u00f5es"
    ],
    "name:ita_x_preferred":[
        "Parque das Na\u00e7\u00f5es"
    ],
    "name:jpn_x_preferred":[
        "\u30d1\u30eb\u30b1\u30fb\u30c0\u30b9\u30fb\u30ca\u30bd\u30f3\u30a4\u30b9\u5730\u533a"
    ],
    "name:nld_x_preferred":[
        "Parque das Na\u00e7\u00f5es"
    ],
    "name:pol_x_preferred":[
        "Parque das Na\u00e7\u00f5es"
    ],
    "name:por_x_colloquial":[
        "Das Nacoes"
    ],
    "name:por_x_preferred":[
        "Das Na\u00e7\u00f5es",
        "Parque das Na\u00e7\u00f5es"
    ],
    "name:spa_x_preferred":[
        "Parque de las Naciones"
    ],
    "qs:gn_adm0_cc":"BR",
    "qs:gn_id":0,
    "qs:gn_local":3471039,
    "qs:gn_nam_loc":"Balne\u00e1rio Cambori\u00fa, Balne\u00e1rio Cambori\u00fa, Santa Catarina, BR",
    "qs:gn_namadm1":"26",
    "qs:local_max":2669,
    "qs:local_sum":4815,
    "qs:localhoods":6,
    "qs:name":"Das Na\u00e7\u00f5es",
    "qs:name_adm0":"Brasil",
    "qs:name_adm1":"Santa Catarina",
    "qs:name_adm2":"Balne\u00e1rio Cambori\u00fa",
    "qs:name_local":"Balne\u00e1rio Cambori\u00fa",
    "qs:photo_max":175,
    "qs:photo_sum":625,
    "qs:placetype":"Suburb",
    "qs:quad_count":22,
    "qs:woe_adm0":23424768,
    "qs:woe_adm1":2344867,
    "qs:woe_adm2":12581617,
    "qs:woe_lau":0,
    "qs:woe_local":423256,
    "qs:woe_ver":"7.10.0",
    "src:geom":"mz",
    "src:geom_alt":[
        "quattroshapes"
    ],
    "src:lbl_centroid":"yerbashapes",
    "wof:belongsto":[
        102191577,
        85633009,
        1511777409,
        101958161,
        102060247,
        85682021
    ],
    "wof:breaches":[],
    "wof:concordances":{
        "gp:id":56066639,
        "qs_pg:id":10319
    },
    "wof:country":"BR",
    "wof:geom_alt":[
        "quattroshapes"
    ],
    "wof:geomhash":"3662d7fe829a57fdaef2bbc924d4db54",
    "wof:hierarchy":[
        {
            "continent_id":102191577,
            "country_id":85633009,
            "county_id":102060247,
            "locality_id":101958161,
            "macroregion_id":1511777409,
            "neighbourhood_id":85767173,
            "region_id":85682021
        }
    ],
    "wof:id":85767173,
    "wof:lang":[
        "por"
    ],
    "wof:lastmodified":1582320864,
    "wof:name":"Das Na\u00e7\u00f5es",
    "wof:parent_id":101958161,
    "wof:placetype":"neighbourhood",
    "wof:repo":"whosonfirst-data-admin-br",
    "wof:superseded_by":[],
    "wof:supersedes":[],
    "wof:tags":[]
},
  "bbox": [
    -48.635945,
    -26.980873,
    -48.635945,
    -26.980873
],
  "geometry": {"coordinates":[-48.635945,-26.980873],"type":"Point"}
}

Parque das Nações

パルケ・ダス・ナソンイス地区

Das Nações

Balneário Camboriú, Balneário Camboriú, Santa Catarina, BR

Balneário Camboriú
