{
  "id": 85767265,
  "type": "Feature",
  "properties": {
    "edtf:cessation":"uuuu",
    "edtf:inception":"uuuu",
    "geom:area":0.0,
    "geom:area_square_m":0.0,
    "geom:bbox":"-48.675345,-26.911865,-48.675345,-26.911865",
    "geom:latitude":-26.911865,
    "geom:longitude":-48.675345,
    "gn:id":"",
    "iso:country":"BR",
    "lbl:bbox":"-48.680345,-26.916865,-48.670345,-26.906865",
    "lbl:latitude":-26.911865,
    "lbl:longitude":-48.675345,
    "lbl:max_zoom":18.0,
    "mps:latitude":-26.911466,
    "mps:longitude":-48.681139,
    "mz:hierarchy_label":0,
    "mz:is_current":-1,
    "mz:is_funky":0,
    "mz:is_hard_boundary":0,
    "mz:is_landuse_aoi":0,
    "mz:is_official":0,
    "mz:max_zoom":18.0,
    "mz:min_zoom":14.0,
    "mz:note":"Quattroshapes Point Gazetteer import 20170519",
    "mz:tier_locality":1,
    "name:cat_x_preferred":[
        "Presidente Jo\u00e3o Goulart"
    ],
    "name:fra_x_preferred":[
        "Presidente Jo\u00e3o Goulart"
    ],
    "name:glg_x_preferred":[
        "Presidente Jo\u00e3o Goulart"
    ],
    "name:por_x_colloquial":[
        "Vila Operaria"
    ],
    "name:por_x_preferred":[
        "Vila Oper\u00e1ria",
        "Presidente Jo\u00e3o Goulart"
    ],
    "name:spa_x_preferred":[
        "Presidente Jo\u00e3o Goulart"
    ],
    "qs:gn_adm0_cc":"BR",
    "qs:gn_id":0,
    "qs:gn_local":3460845,
    "qs:gn_nam_loc":"Itaja\u00ed, Itaja\u00ed, Santa Catarina, BR",
    "qs:gn_namadm1":"26",
    "qs:local_max":702,
    "qs:local_sum":1194,
    "qs:localhoods":4,
    "qs:name":"Vila Oper\u00e1ria",
    "qs:name_adm0":"Brasil",
    "qs:name_adm1":"Santa Catarina",
    "qs:name_adm2":"Itaja\u00ed",
    "qs:name_local":"Itaja\u00ed",
    "qs:photo_max":39,
    "qs:photo_sum":141,
    "qs:placetype":"Suburb",
    "qs:quad_count":7,
    "qs:woe_adm0":23424768,
    "qs:woe_adm1":2344867,
    "qs:woe_adm2":12581685,
    "qs:woe_lau":0,
    "qs:woe_local":455870,
    "qs:woe_ver":"7.10.0",
    "qs_pg:name":"Vila Oper\u00e1ria",
    "qs_pg:name_adm0":"Brasil",
    "qs_pg:name_adm1":"Santa Catarina",
    "qs_pg:photos":148,
    "qs_pg:photos_1k":30,
    "qs_pg:photos_9k":1,
    "qs_pg:photos_9r":3,
    "qs_pg:photos_all":148,
    "qs_pg:photos_sr":3,
    "qs_pg:pop_sr":0,
    "qs_pg:qs_id":238200,
    "qs_pg:qs_pg_placetype":"neighbourhood",
    "qs_pg:qs_pg_placetype_gp":"Suburb",
    "qs_pg:woe_adm0":23424768,
    "qs_pg:woe_id":56066729,
    "src:geom":"mz",
    "src:geom_alt":[
        "quattroshapes"
    ],
    "src:lbl_centroid":"yerbashapes",
    "woe:adm0_id":23424768,
    "woe:name_adm0":"Brasil",
    "woe:name_adm1":"Santa Catarina",
    "woe:placetype":"Suburb",
    "wof:belongsto":[
        102191577,
        404565527,
        85633009,
        1511777409,
        101958121,
        102060469,
        85682021
    ],
    "wof:breaches":[],
    "wof:concordances":{
        "gp:id":56066729,
        "qs_pg:id":238200
    },
    "wof:concordances_alt":{
        "gp:id":[
            56066729
        ],
        "qs_pg:id":[
            238200
        ]
    },
    "wof:country":"BR",
    "wof:geom_alt":[
        "quattroshapes"
    ],
    "wof:geomhash":"94e5ee8489e4728d87183af4de66ad93",
    "wof:hierarchy":[
        {
            "continent_id":102191577,
            "country_id":85633009,
            "county_id":102060469,
            "localadmin_id":404565527,
            "locality_id":101958121,
            "macroregion_id":1511777409,
            "neighbourhood_id":85767265,
            "region_id":85682021
        }
    ],
    "wof:id":85767265,
    "wof:lang":[
        "por"
    ],
    "wof:lastmodified":1706239336,
    "wof:name":"Vila Oper\u00e1ria",
    "wof:parent_id":101958121,
    "wof:placetype":"neighbourhood",
    "wof:repo":"whosonfirst-data-admin-br",
    "wof:superseded_by":[],
    "wof:supersedes":[
        1126101453
    ],
    "wof:tags":[]
},
  "bbox": [
    -48.675345,
    -26.911865,
    -48.675345,
    -26.911865
],
  "geometry": {"coordinates":[-48.675345,-26.911865],"type":"Point"}
}

Presidente João Goulart

Vila Operária

Itajaí, Itajaí, Santa Catarina, BR

Itajaí
