{
  "id": 890449883,
  "type": "Feature",
  "properties": {
    "edtf:cessation":"uuuu",
    "edtf:inception":"uuuu",
    "geom:area":0.0,
    "geom:area_square_m":0.0,
    "geom:bbox":"-150.98442,-16.812429,-150.98442,-16.812429",
    "geom:latitude":-16.812429,
    "geom:longitude":-150.98442,
    "gp:adm0":23424817,
    "iso:country":"",
    "lbl:bbox":"-151.00442,-16.832429,-150.96442,-16.792429",
    "lbl:max_zoom":18.0,
    "lbl:min_zoom":13.5,
    "mz:hierarchy_label":1,
    "mz:is_current":-1,
    "mz:min_zoom":12.0,
    "qs:name":"Parea",
    "qs:name_adm0":"Polyn\u00e9sie Fran\u00e7aise",
    "qs:name_adm1":"\u00celes sous le Vent",
    "qs:photos":325,
    "qs:photos_1k":66,
    "qs:photos_9k":1,
    "qs:photos_9r":5,
    "qs:photos_all":325,
    "qs:photos_sr":5,
    "qs:placetype":"Town",
    "qs:pop_sr":"0",
    "wof:belongsto":[
        85632653,
        102191583,
        136253037
    ],
    "wof:breaches":[],
    "wof:concordances":{
        "gp:id":28752854,
        "qs_pg:id":1154949
    },
    "wof:country":"",
    "wof:created":1469052715,
    "wof:geomhash":"032857521a3882d51bda24edbd2066f0",
    "wof:hierarchy":[
        {
            "continent_id":102191583,
            "country_id":-1,
            "dependency_id":85632653,
            "empire_id":136253037,
            "locality_id":890449883,
            "region_id":-1
        }
    ],
    "wof:id":890449883,
    "wof:lastmodified":1566657564,
    "wof:name":"Parea",
    "wof:parent_id":-1,
    "wof:placetype":"locality",
    "wof:repo":"whosonfirst-data-admin-xy",
    "wof:superseded_by":[],
    "wof:supersedes":[],
    "wof:tags":[]
},
  "bbox": [
    -150.98442,
    -16.812429,
    -150.98442,
    -16.812429
],
  "geometry": {"coordinates":[-150.98442,-16.812429],"type":"Point"}
}

Polynésie Française

Îles sous le Vent
